CRAN Package Check Results for Package qsimulatR

Last updated on 2022-08-12 06:49:29 CEST.

Flavor Version Tinstall Tcheck Ttotal Status Flags
r-devel-linux-x86_64-debian-clang 1.0 5.72 122.36 128.08 NOTE
r-devel-linux-x86_64-debian-gcc 1.0 5.37 79.50 84.87 NOTE
r-devel-linux-x86_64-fedora-clang 1.0 161.39 NOTE
r-devel-linux-x86_64-fedora-gcc 1.0 135.87 NOTE
r-devel-windows-x86_64 1.0 59.00 147.00 206.00 NOTE
r-patched-linux-x86_64 1.0 5.42 95.12 100.54 NOTE
r-release-linux-x86_64 1.0 5.30 95.59 100.89 NOTE
r-release-macos-arm64 1.0 38.00 NOTE
r-release-macos-x86_64 1.0 56.00 NOTE
r-release-windows-x86_64 1.0 58.00 152.00 210.00 NOTE
r-oldrel-macos-arm64 1.0 46.00 NOTE
r-oldrel-macos-x86_64 1.0 87.00 NOTE
r-oldrel-windows-ix86+x86_64 1.0 14.00 135.00 149.00 NOTE

Check Details

Version: 1.0
Check: LazyData
Result: NOTE
     'LazyData' is specified without a 'data' directory
Flavors: r-devel-linux-x86_64-debian-clang, r-devel-linux-x86_64-debian-gcc, r-devel-linux-x86_64-fedora-clang, r-devel-linux-x86_64-fedora-gcc, r-devel-windows-x86_64, r-patched-linux-x86_64, r-release-linux-x86_64, r-release-macos-arm64, r-release-macos-x86_64, r-release-windows-x86_64, r-oldrel-macos-arm64, r-oldrel-macos-x86_64, r-oldrel-windows-ix86+x86_64