CRAN Package Check Results for Package qte

Last updated on 2019-06-17 09:49:54 CEST.

Flavor Version Tinstall Tcheck Ttotal Status Flags
r-devel-linux-x86_64-debian-clang 1.3.0 11.15 116.92 128.07 OK
r-devel-linux-x86_64-debian-gcc 1.3.0 10.24 91.35 101.59 OK
r-devel-linux-x86_64-fedora-clang 1.3.0 152.45 NOTE
r-devel-linux-x86_64-fedora-gcc 1.3.0 145.55 NOTE
r-devel-windows-ix86+x86_64 1.3.0 35.00 206.00 241.00 OK
r-patched-linux-x86_64 1.3.0 13.00 114.00 127.00 OK
r-patched-solaris-x86 1.3.0 230.60 NOTE
r-release-linux-x86_64 1.3.0 11.68 112.48 124.16 OK
r-release-windows-ix86+x86_64 1.3.0 21.00 130.00 151.00 OK
r-release-osx-x86_64 1.3.0 NOTE
r-oldrel-windows-ix86+x86_64 1.3.0 15.00 115.00 130.00 OK
r-oldrel-osx-x86_64 1.3.0 NOTE

Check Details

Version: 1.3.0
Check: dependencies in R code
Result: NOTE
    Namespaces in Imports field not imported from:
     ‘knitr’ ‘msm’
     All declared Imports should be used.
Flavors: r-devel-linux-x86_64-fedora-clang, r-devel-linux-x86_64-fedora-gcc, r-patched-solaris-x86, r-release-osx-x86_64, r-oldrel-osx-x86_64