Last updated on 2022-05-19 12:55:37 CEST.
Flavor | Version | Tinstall | Tcheck | Ttotal | Status | Flags |
---|---|---|---|---|---|---|
r-devel-linux-x86_64-debian-clang | 1.2.1 | 24.95 | 182.53 | 207.48 | OK | |
r-devel-linux-x86_64-debian-gcc | 1.2.1 | 17.10 | 131.26 | 148.36 | OK | |
r-devel-linux-x86_64-fedora-clang | 1.2.1 | 246.11 | NOTE | |||
r-devel-linux-x86_64-fedora-gcc | 1.2.1 | 237.39 | OK | |||
r-devel-windows-x86_64 | 1.2.1 | 45.00 | 233.00 | 278.00 | NOTE | |
r-patched-linux-x86_64 | 1.2.1 | 30.04 | 170.00 | 200.04 | OK | |
r-release-linux-x86_64 | 1.2.1 | 18.95 | 169.90 | 188.85 | OK | |
r-release-macos-arm64 | 1.2.1 | 89.00 | NOTE | |||
r-release-macos-x86_64 | 1.2.1 | 146.00 | NOTE | |||
r-release-windows-x86_64 | 1.2.1 | 54.00 | 237.00 | 291.00 | NOTE | |
r-oldrel-macos-arm64 | 1.2.1 | 87.00 | NOTE | |||
r-oldrel-macos-x86_64 | 1.2.1 | 103.00 | NOTE | |||
r-oldrel-windows-ix86+x86_64 | 1.2.1 | 61.00 | 244.00 | 305.00 | NOTE |
Version: 1.2.1
Check: installed package size
Result: NOTE
installed size is 5.1Mb
sub-directories of 1Mb or more:
doc 4.4Mb
Flavors: r-devel-linux-x86_64-fedora-clang, r-devel-windows-x86_64, r-release-macos-arm64, r-release-macos-x86_64, r-release-windows-x86_64, r-oldrel-macos-arm64, r-oldrel-macos-x86_64, r-oldrel-windows-ix86+x86_64