CRAN Package Check Results for Package qtl2pleio

Last updated on 2024-02-29 05:56:25 CET.

Flavor Version Tinstall Tcheck Ttotal Status Flags
r-devel-linux-x86_64-debian-clang 1.4.3 92.13 123.33 215.46 NOTE
r-devel-linux-x86_64-debian-gcc 1.4.3 74.99 91.12 166.11 NOTE
r-devel-linux-x86_64-fedora-clang 1.4.3 280.97 NOTE
r-devel-linux-x86_64-fedora-gcc 1.4.3 322.81 NOTE
r-devel-windows-x86_64 1.4.3 73.00 125.00 198.00 NOTE
r-patched-linux-x86_64 1.4.3 92.74 123.19 215.93 NOTE
r-release-linux-x86_64 1.4.3 98.29 123.81 222.10 NOTE
r-release-macos-arm64 1.4.3 83.00 NOTE
r-release-macos-x86_64 1.4.3 140.00 NOTE
r-release-windows-x86_64 1.4.3 89.00 160.00 249.00 NOTE
r-oldrel-macos-arm64 1.4.3 69.00 NOTE
r-oldrel-windows-x86_64 1.4.3 84.00 147.00 231.00 NOTE

Check Details

Version: 1.4.3
Check: LazyData
Result: NOTE 'LazyData' is specified without a 'data' directory Flavors: r-devel-linux-x86_64-debian-clang, r-devel-linux-x86_64-debian-gcc, r-devel-linux-x86_64-fedora-clang, r-devel-linux-x86_64-fedora-gcc, r-devel-windows-x86_64, r-patched-linux-x86_64, r-release-linux-x86_64, r-release-macos-arm64, r-release-macos-x86_64, r-release-windows-x86_64, r-oldrel-macos-arm64, r-oldrel-windows-x86_64

Version: 1.4.3
Check: installed package size
Result: NOTE installed size is 16.7Mb sub-directories of 1Mb or more: libs 16.4Mb Flavors: r-release-macos-arm64, r-release-macos-x86_64, r-oldrel-macos-arm64