CRAN Package Check Results for Package qtlhot

Last updated on 2018-12-17 15:49:44 CET.

Flavor Version Tinstall Tcheck Ttotal Status Flags
r-devel-linux-x86_64-debian-clang 1.0.4 7.33 3.67 11.00 ERROR
r-devel-linux-x86_64-debian-gcc 1.0.4 6.12 1.96 8.08 ERROR
r-devel-linux-x86_64-fedora-clang 1.0.4 86.78 OK
r-devel-linux-x86_64-fedora-gcc 1.0.4 83.14 OK
r-devel-windows-ix86+x86_64 1.0.4 21.00 112.00 133.00 OK
r-patched-linux-x86_64 1.0.4 6.56 2.71 9.27 ERROR
r-patched-solaris-x86 1.0.4 111.40 OK
r-release-linux-x86_64 1.0.4 6.39 63.49 69.88 OK
r-release-windows-ix86+x86_64 1.0.4 12.00 86.00 98.00 OK
r-release-osx-x86_64 1.0.4 OK
r-oldrel-windows-ix86+x86_64 1.0.4 14.00 119.00 133.00 OK
r-oldrel-osx-x86_64 1.0.4 OK

Check Details

Version: 1.0.4
Check: whether the package can be loaded
Result: ERROR
    Loading this package had a fatal error status code 1
    Loading log:
    Loading required package: qtl
    Error: package or namespace load failed for ‘qtl’ in dyn.load(file, DLLpath = DLLpath, ...):
     unable to load shared object ‘/home/hornik/tmp/R.check/r-devel-clang/Work/build/Packages/qtl/libs/qtl.so’:
     /home/hornik/tmp/R.check/r-devel-clang/Work/build/Packages/qtl/libs/qtl.so: failed to map segment from shared object
    Error: package ‘qtl’ could not be loaded
    Execution halted
Flavor: r-devel-linux-x86_64-debian-clang

Version: 1.0.4
Check: whether the package can be loaded
Result: ERROR
    Loading this package had a fatal error status code 1
    Loading log:
    Loading required package: qtl
    Error: package or namespace load failed for ‘qtl’ in dyn.load(file, DLLpath = DLLpath, ...):
     unable to load shared object ‘/home/hornik/tmp/R.check/r-devel-gcc/Work/build/Packages/qtl/libs/qtl.so’:
     /home/hornik/tmp/R.check/r-devel-gcc/Work/build/Packages/qtl/libs/qtl.so: failed to map segment from shared object
    Error: package ‘qtl’ could not be loaded
    Execution halted
Flavor: r-devel-linux-x86_64-debian-gcc

Version: 1.0.4
Check: whether the package can be loaded
Result: ERROR
    Loading this package had a fatal error status code 1
    Loading log:
    Loading required package: qtl
    Error: package or namespace load failed for ‘qtl’ in dyn.load(file, DLLpath = DLLpath, ...):
     unable to load shared object ‘/home/hornik/tmp/R.check/r-patched-gcc/Work/build/Packages/qtl/libs/qtl.so’:
     /home/hornik/tmp/R.check/r-patched-gcc/Work/build/Packages/qtl/libs/qtl.so: failed to map segment from shared object
    Error: package ‘qtl’ could not be loaded
    Execution halted
Flavor: r-patched-linux-x86_64