CRAN Package Check Results for Package quadrupen

Last updated on 2022-12-03 08:56:07 CET.

Flavor Version Tinstall Tcheck Ttotal Status Flags
r-devel-linux-x86_64-debian-clang 0.2-9 124.45 194.80 319.25 OK
r-devel-linux-x86_64-debian-gcc 0.2-9 104.11 138.93 243.04 OK
r-devel-linux-x86_64-fedora-clang 0.2-9 428.43 OK
r-devel-linux-x86_64-fedora-gcc 0.2-9 415.96 OK
r-devel-windows-x86_64 0.2-9 204.00 225.00 429.00 OK
r-patched-linux-x86_64 0.2-9 108.91 184.97 293.88 OK
r-release-linux-x86_64 0.2-9 113.25 182.30 295.55 OK
r-release-macos-arm64 0.2-9 93.00 NOTE
r-release-macos-x86_64 0.2-9 162.00 NOTE
r-release-windows-x86_64 0.2-9 112.00 239.00 351.00 OK
r-oldrel-macos-arm64 0.2-9 87.00 NOTE
r-oldrel-macos-x86_64 0.2-9 164.00 NOTE
r-oldrel-windows-ix86+x86_64 0.2-9 296.00 365.00 661.00 OK

Check Details

Version: 0.2-9
Check: installed package size
Result: NOTE
     installed size is 8.2Mb
     sub-directories of 1Mb or more:
     libs 7.8Mb
Flavors: r-release-macos-arm64, r-release-macos-x86_64, r-oldrel-macos-arm64, r-oldrel-macos-x86_64