Last updated on 2023-12-06 07:50:25 CET.
Flavor | Version | Tinstall | Tcheck | Ttotal | Status | Flags |
---|---|---|---|---|---|---|
r-devel-linux-x86_64-debian-clang | 0.1.0 | 5.22 | 61.34 | 66.56 | NOTE | |
r-devel-linux-x86_64-debian-gcc | 0.1.0 | 3.94 | 46.20 | 50.14 | NOTE | |
r-devel-linux-x86_64-fedora-clang | 0.1.0 | 82.87 | OK | |||
r-devel-linux-x86_64-fedora-gcc | 0.1.0 | 90.64 | OK | |||
r-devel-windows-x86_64 | 0.1.0 | 6.00 | 64.00 | 70.00 | OK | |
r-patched-linux-x86_64 | 0.1.0 | 3.48 | 58.55 | 62.03 | OK | |
r-release-linux-x86_64 | 0.1.0 | 3.24 | 58.02 | 61.26 | OK | |
r-release-macos-arm64 | 0.1.0 | 37.00 | OK | |||
r-release-macos-x86_64 | 0.1.0 | 53.00 | OK | |||
r-release-windows-x86_64 | 0.1.0 | 7.00 | 76.00 | 83.00 | OK | |
r-oldrel-macos-arm64 | 0.1.0 | 30.00 | OK | |||
r-oldrel-macos-x86_64 | 0.1.0 | 42.00 | OK | |||
r-oldrel-windows-x86_64 | 0.1.0 | 6.00 | 77.00 | 83.00 | OK |
Version: 0.1.0
Check: Rd files
Result: NOTE
checkRd: (-1) als_data.Rd:10: Lost braces in \itemize; meant \describe ?
checkRd: (-1) als_data.Rd:11: Lost braces in \itemize; meant \describe ?
checkRd: (-1) als_data.Rd:12: Lost braces in \itemize; meant \describe ?
checkRd: (-1) als_data.Rd:13: Lost braces in \itemize; meant \describe ?
checkRd: (-1) als_data.Rd:14: Lost braces in \itemize; meant \describe ?
checkRd: (-1) als_data.Rd:15: Lost braces in \itemize; meant \describe ?
checkRd: (-1) als_data.Rd:16: Lost braces in \itemize; meant \describe ?
checkRd: (-1) als_data.Rd:17: Lost braces in \itemize; meant \describe ?
checkRd: (-1) als_data.Rd:18: Lost braces in \itemize; meant \describe ?
checkRd: (-1) als_data.Rd:19: Lost braces in \itemize; meant \describe ?
checkRd: (-1) als_data.Rd:20: Lost braces in \itemize; meant \describe ?
checkRd: (-1) als_data.Rd:21: Lost braces in \itemize; meant \describe ?
checkRd: (-1) als_data.Rd:22: Lost braces in \itemize; meant \describe ?
checkRd: (-1) als_data.Rd:23: Lost braces in \itemize; meant \describe ?
checkRd: (-1) als_data.Rd:24: Lost braces in \itemize; meant \describe ?
checkRd: (-1) als_data.Rd:25: Lost braces in \itemize; meant \describe ?
checkRd: (-1) als_data.Rd:26: Lost braces in \itemize; meant \describe ?
checkRd: (-1) als_data.Rd:27: Lost braces in \itemize; meant \describe ?
checkRd: (-1) als_data_qc_mapping.Rd:11: Lost braces in \itemize; meant \describe ?
checkRd: (-1) als_data_qc_mapping.Rd:12: Lost braces in \itemize; meant \describe ?
checkRd: (-1) als_data_qc_mapping.Rd:13: Lost braces in \itemize; meant \describe ?
Flavors: r-devel-linux-x86_64-debian-clang, r-devel-linux-x86_64-debian-gcc