CRAN Package Check Results for Package qualpalr

Last updated on 2024-02-25 14:48:29 CET.

Flavor Version Tinstall Tcheck Ttotal Status Flags
r-devel-linux-x86_64-debian-clang 0.4.4 34.56 43.52 78.08 NOTE
r-devel-linux-x86_64-debian-gcc 0.4.4 26.30 33.46 59.76 NOTE
r-devel-linux-x86_64-fedora-clang 0.4.4 109.81 OK
r-devel-linux-x86_64-fedora-gcc 0.4.4 116.82 OK
r-devel-windows-x86_64 0.4.4 27.00 81.00 108.00 OK
r-patched-linux-x86_64 0.4.4 33.06 41.86 74.92 OK
r-release-linux-x86_64 0.4.4 29.89 42.49 72.38 OK
r-release-macos-arm64 0.4.4 43.00 OK
r-release-macos-x86_64 0.4.4 83.00 OK
r-release-windows-x86_64 0.4.4 34.00 86.00 120.00 OK
r-oldrel-macos-arm64 0.4.4 38.00 OK
r-oldrel-windows-x86_64 0.4.4 34.00 87.00 121.00 OK

Check Details

Version: 0.4.4
Check: Rd files
Result: NOTE checkRd: (-1) qualpal.Rd:22-28: Lost braces in \itemize; meant \describe ? checkRd: (-1) qualpal.Rd:30-50: Lost braces in \itemize; meant \describe ? Flavors: r-devel-linux-x86_64-debian-clang, r-devel-linux-x86_64-debian-gcc