CRAN Package Check Results for Package qualtRics

Last updated on 2018-05-23 04:48:48 CEST.

Flavor Version Tinstall Tcheck Ttotal Status Flags
r-devel-linux-x86_64-debian-clang 3.0 4.06 47.88 51.94 WARN
r-devel-linux-x86_64-debian-gcc 3.0 2.87 38.18 41.05 WARN
r-devel-linux-x86_64-fedora-clang 3.0 61.44 OK
r-devel-linux-x86_64-fedora-gcc 3.0 59.08 OK
r-devel-windows-ix86+x86_64 3.0 8.00 118.00 126.00 OK
r-patched-linux-x86_64 3.0 3.59 42.39 45.98 OK
r-patched-solaris-x86 3.0 84.80 OK
r-release-linux-x86_64 3.0 3.11 42.21 45.32 OK
r-release-windows-ix86+x86_64 3.0 12.00 80.00 92.00 OK
r-release-osx-x86_64 3.0 OK
r-oldrel-windows-ix86+x86_64 3.0 14.00 91.00 105.00 OK
r-oldrel-osx-x86_64 3.0 OK

Check Details

Version: 3.0
Check: for unstated dependencies in ‘tests’
Result: WARN
    '::' or ':::' import not declared from: ‘testthat’
Flavors: r-devel-linux-x86_64-debian-clang, r-devel-linux-x86_64-debian-gcc