CRAN Package Check Results for Package quantable

Last updated on 2018-02-25 20:46:58 CET.

Flavor Version Tinstall Tcheck Ttotal Status Flags
r-devel-linux-x86_64-debian-clang 0.2.2 8.53 108.85 117.38 OK
r-devel-linux-x86_64-debian-gcc 0.2.2 7.03 85.13 92.16 OK
r-devel-linux-x86_64-fedora-clang 0.2.2 142.93 NOTE
r-devel-linux-x86_64-fedora-gcc 0.2.2 139.94 NOTE
r-devel-windows-ix86+x86_64 0.2.2 23.00 152.00 175.00 OK
r-patched-linux-x86_64 0.2.2 8.53 111.24 119.77 OK
r-patched-solaris-x86 0.2.2 212.60 NOTE
r-release-linux-x86_64 0.2.2 9.37 109.95 119.32 OK
r-release-windows-ix86+x86_64 0.2.2 25.00 166.00 191.00 OK
r-release-osx-x86_64 0.2.2 NOTE
r-oldrel-windows-ix86+x86_64 0.2.2 17.00 160.00 177.00 OK
r-oldrel-osx-x86_64 0.2.2 NOTE

Check Details

Version: 0.2.2
Check: dependencies in R code
Result: NOTE
    Namespace in Imports field not imported from: ‘e1071’
     All declared Imports should be used.
Flavors: r-devel-linux-x86_64-fedora-clang, r-devel-linux-x86_64-fedora-gcc, r-patched-solaris-x86, r-release-osx-x86_64, r-oldrel-osx-x86_64