CRAN Package Check Results for Package quantable

Last updated on 2018-05-26 04:51:09 CEST.

Flavor Version Tinstall Tcheck Ttotal Status Flags
r-devel-linux-x86_64-debian-clang 0.3.6 13.44 150.02 163.46 OK
r-devel-linux-x86_64-debian-gcc 0.3.6 10.05 115.93 125.98 OK
r-devel-linux-x86_64-fedora-clang 0.3.6 192.82 OK
r-devel-linux-x86_64-fedora-gcc 0.3.6 191.64 OK
r-devel-windows-ix86+x86_64 0.3.6 19.00 147.00 166.00 OK
r-patched-linux-x86_64 0.3.6 9.36 127.04 136.40 OK
r-patched-solaris-x86 0.3.6 244.70 OK
r-release-linux-x86_64 0.3.6 10.32 126.86 137.18 OK
r-release-windows-ix86+x86_64 0.3.6 37.00 198.00 235.00 OK
r-release-osx-x86_64 0.3.6 OK
r-oldrel-windows-ix86+x86_64 0.3.6 29.00 137.00 166.00 OK
r-oldrel-osx-x86_64 0.2.2 NOTE

Check Details

Version: 0.2.2
Check: dependencies in R code
Result: NOTE
    Namespace in Imports field not imported from: ‘e1071’
     All declared Imports should be used.
Flavor: r-oldrel-osx-x86_64