CRAN Package Check Results for Package quanteda.textstats

Last updated on 2024-07-25 01:55:46 CEST.

Flavor Version Tinstall Tcheck Ttotal Status Flags
r-devel-linux-x86_64-debian-clang 0.97 90.60 182.71 273.31 OK
r-devel-linux-x86_64-debian-gcc 0.97 60.71 132.83 193.54 NOTE
r-devel-linux-x86_64-fedora-clang 0.97 343.31 OK
r-devel-linux-x86_64-fedora-gcc 0.97 315.93 OK
r-devel-windows-x86_64 0.97 59.00 161.00 220.00 NOTE
r-patched-linux-x86_64 0.97 84.72 169.76 254.48 OK
r-release-linux-x86_64 0.97 74.50 172.39 246.89 OK
r-release-macos-arm64 0.97 86.00 OK
r-release-macos-x86_64 0.97 153.00 OK
r-release-windows-x86_64 0.97 65.00 162.00 227.00 OK
r-oldrel-macos-arm64 0.97 90.00 OK
r-oldrel-macos-x86_64 0.97 179.00 OK
r-oldrel-windows-x86_64 0.97 72.00 204.00 276.00 OK

Check Details

Version: 0.97
Check: Rd cross-references
Result: NOTE Found the following Rd file(s) with Rd \link{} targets missing package anchors: compute_lexdiv_stats.Rd: dfm compute_mattr.Rd: tokens compute_msttr.Rd: tokens dfm_split_hyphenated_features.Rd: dfm nsyllable.tokens.Rd: tokens textstat_collocations.Rd: corpus, tokens textstat_frequency.Rd: dfm, docvars, dfm_group textstat_keyness.Rd: dfm textstat_lexdiv.Rd: dfm, tokens textstat_proxy.Rd: dfm textstat_readability.Rd: corpus, corpus_trim textstat_simil.Rd: dfm textstat_summary.Rd: dfm, ntoken, ntype Please provide package anchors for all Rd \link{} targets not in the package itself and the base packages. Flavors: r-devel-linux-x86_64-debian-gcc, r-devel-windows-x86_64