CRAN Package Check Results for Package quantoptr

Last updated on 2018-01-19 10:47:51 CET.

Flavor Version Tinstall Tcheck Ttotal Status Flags
r-devel-linux-x86_64-debian-clang 0.1.2 2.86 58.05 60.91 OK
r-devel-linux-x86_64-debian-gcc 0.1.2 3.38 48.76 52.14 OK
r-devel-linux-x86_64-fedora-clang 0.1.2 84.99 NOTE
r-devel-linux-x86_64-fedora-gcc 0.1.2 83.35 NOTE
r-devel-windows-ix86+x86_64 0.1.2 8.00 73.00 81.00 OK
r-patched-linux-x86_64 0.1.2 4.64 68.72 73.36 OK
r-patched-solaris-x86 0.1.2 143.60 NOTE
r-release-linux-x86_64 0.1.2 4.09 68.13 72.22 OK
r-release-windows-ix86+x86_64 0.1.2 6.00 105.00 111.00 OK
r-release-osx-x86_64 0.1.2 NOTE
r-oldrel-windows-ix86+x86_64 0.1.2 10.00 93.00 103.00 OK
r-oldrel-osx-x86_64 0.1.2 NOTE

Check Details

Version: 0.1.2
Check: dependencies in R code
Result: NOTE
    Namespace in Imports field not imported from: ‘Rdpack’
     All declared Imports should be used.
Flavors: r-devel-linux-x86_64-fedora-clang, r-devel-linux-x86_64-fedora-gcc, r-patched-solaris-x86, r-release-osx-x86_64, r-oldrel-osx-x86_64