CRAN Package Check Results for Package quantreg

Last updated on 2018-01-17 08:49:06 CET.

Flavor Version Tinstall Tcheck Ttotal Status Flags
r-devel-linux-x86_64-debian-clang 5.34 14.42 130.39 144.81 ERROR
r-devel-linux-x86_64-debian-gcc 5.34 11.38 99.01 110.39 ERROR
r-devel-linux-x86_64-fedora-clang 5.34 203.34 OK
r-devel-linux-x86_64-fedora-gcc 5.34 207.72 OK
r-devel-windows-ix86+x86_64 5.34 69.00 225.00 294.00 OK
r-patched-linux-x86_64 5.34 14.51 134.92 149.43 ERROR
r-patched-solaris-x86 5.34 309.40 OK
r-release-linux-x86_64 5.34 13.69 137.64 151.33 ERROR
r-release-windows-ix86+x86_64 5.34 49.00 305.00 354.00 OK
r-release-osx-x86_64 5.34 OK
r-oldrel-windows-ix86+x86_64 5.34 67.00 249.00 316.00 OK
r-oldrel-osx-x86_64 5.34 OK

Check Details

Version: 5.34
Check: tests
Result: ERROR
     Running ‘panel.R’ [3s/4s]
     Running ‘rq.R’ [3s/4s]
     Running ‘rq.fit.panel.R’ [0s/1s]
     Running ‘run-demos.R’ [2s/3s]
    Running the tests in ‘tests/run-demos.R’ failed.
    Complete output:
     > library(quantreg)
     Loading required package: SparseM
    
     Attaching package: 'SparseM'
    
     The following object is masked from 'package:base':
    
     backsolve
    
     >
     > (dDIR <- system.file("demo", package = "quantreg"))
     [1] "/home/hornik/tmp/R.check/r-devel-clang/Work/build/Packages/quantreg/demo"
     > setwd(dDIR)
     > set.seed(1) # since some demos randomly generate
     >
     > cat("Running demos from package 'quantreg' : \n\n")
     Running demos from package 'quantreg' :
    
     > for(ff in list.files(dDIR, pattern="\\.R$", full.names = TRUE)) {
     + f <- basename(ff)
     + cat("\n", f," :\n", paste(rep.int("-", nchar(f)), collapse=''),
     + "\n", sep='')
     +
     + source(ff, echo = TRUE)
     + }
    
     Frank.R :
     -------
    
     > vFrank <- function(x, df, delta, u) -log(1 - (1 -
     + exp(-delta))/(1 + exp(-delta * pt(x, df)) * ((1/u) - 1)))/delta
    
     > FrankModel <- function(x, delta, mu, sigma, df, tau) {
     + z <- qt(vFrank(x, df, delta, u = tau), df)
     + mu + sigma * z
     + }
    
     > n <- 200
    
     > df <- 8
    
     > delta <- 8
    
     > set.seed(1989)
    
     > x <- sort(rt(n, df))
    
     > v <- vFrank(x, df, delta, u = runif(n))
    
     > y <- qt(v, df)
    
     > plot(x, y, pch = "o", col = "blue", cex = 0.25)
     Error in (function (file = if (onefile) "Rplots.pdf" else "Rplot%03d.pdf", :
     cannot open file 'Rplots.pdf'
     Calls: source ... eval -> plot -> plot.default -> dev.hold -> <Anonymous>
     Execution halted
Flavor: r-devel-linux-x86_64-debian-clang

Version: 5.34
Check: tests
Result: ERROR
     Running ‘panel.R’ [2s/4s]
     Running ‘rq.R’ [2s/3s]
     Running ‘rq.fit.panel.R’ [0s/1s]
     Running ‘run-demos.R’ [2s/2s]
    Running the tests in ‘tests/run-demos.R’ failed.
    Complete output:
     > library(quantreg)
     Loading required package: SparseM
    
     Attaching package: 'SparseM'
    
     The following object is masked from 'package:base':
    
     backsolve
    
     >
     > (dDIR <- system.file("demo", package = "quantreg"))
     [1] "/home/hornik/tmp/R.check/r-devel-gcc/Work/build/Packages/quantreg/demo"
     > setwd(dDIR)
     > set.seed(1) # since some demos randomly generate
     >
     > cat("Running demos from package 'quantreg' : \n\n")
     Running demos from package 'quantreg' :
    
     > for(ff in list.files(dDIR, pattern="\\.R$", full.names = TRUE)) {
     + f <- basename(ff)
     + cat("\n", f," :\n", paste(rep.int("-", nchar(f)), collapse=''),
     + "\n", sep='')
     +
     + source(ff, echo = TRUE)
     + }
    
     Frank.R :
     -------
    
     > vFrank <- function(x, df, delta, u) -log(1 - (1 -
     + exp(-delta))/(1 + exp(-delta * pt(x, df)) * ((1/u) - 1)))/delta
    
     > FrankModel <- function(x, delta, mu, sigma, df, tau) {
     + z <- qt(vFrank(x, df, delta, u = tau), df)
     + mu + sigma * z
     + }
    
     > n <- 200
    
     > df <- 8
    
     > delta <- 8
    
     > set.seed(1989)
    
     > x <- sort(rt(n, df))
    
     > v <- vFrank(x, df, delta, u = runif(n))
    
     > y <- qt(v, df)
    
     > plot(x, y, pch = "o", col = "blue", cex = 0.25)
     Error in (function (file = if (onefile) "Rplots.pdf" else "Rplot%03d.pdf", :
     cannot open file 'Rplots.pdf'
     Calls: source ... eval -> plot -> plot.default -> dev.hold -> <Anonymous>
     Execution halted
Flavor: r-devel-linux-x86_64-debian-gcc

Version: 5.34
Check: tests
Result: ERROR
     Running ‘panel.R’ [3s/4s]
     Running ‘rq.R’ [3s/4s]
     Running ‘rq.fit.panel.R’ [0s/1s]
     Running ‘run-demos.R’ [2s/3s]
    Running the tests in ‘tests/run-demos.R’ failed.
    Complete output:
     > library(quantreg)
     Loading required package: SparseM
    
     Attaching package: 'SparseM'
    
     The following object is masked from 'package:base':
    
     backsolve
    
     >
     > (dDIR <- system.file("demo", package = "quantreg"))
     [1] "/home/hornik/tmp/R.check/r-patched-gcc/Work/build/Packages/quantreg/demo"
     > setwd(dDIR)
     > set.seed(1) # since some demos randomly generate
     >
     > cat("Running demos from package 'quantreg' : \n\n")
     Running demos from package 'quantreg' :
    
     > for(ff in list.files(dDIR, pattern="\\.R$", full.names = TRUE)) {
     + f <- basename(ff)
     + cat("\n", f," :\n", paste(rep.int("-", nchar(f)), collapse=''),
     + "\n", sep='')
     +
     + source(ff, echo = TRUE)
     + }
    
     Frank.R :
     -------
    
     > vFrank <- function(x, df, delta, u) -log(1 - (1 -
     + exp(-delta))/(1 + exp(-delta * pt(x, df)) * ((1/u) - 1)))/delta
    
     > FrankModel <- function(x, delta, mu, sigma, df, tau) {
     + z <- qt(vFrank(x, df, delta, u = tau), df)
     + mu + sigma * z
     + }
    
     > n <- 200
    
     > df <- 8
    
     > delta <- 8
    
     > set.seed(1989)
    
     > x <- sort(rt(n, df))
    
     > v <- vFrank(x, df, delta, u = runif(n))
    
     > y <- qt(v, df)
    
     > plot(x, y, pch = "o", col = "blue", cex = 0.25)
     Error in (function (file = if (onefile) "Rplots.pdf" else "Rplot%03d.pdf", :
     cannot open file 'Rplots.pdf'
     Calls: source ... eval -> plot -> plot.default -> dev.hold -> <Anonymous>
     Execution halted
Flavor: r-patched-linux-x86_64

Version: 5.34
Check: tests
Result: ERROR
     Running ‘panel.R’ [3s/4s]
     Running ‘rq.R’ [3s/4s]
     Running ‘rq.fit.panel.R’ [0s/1s]
     Running ‘run-demos.R’ [2s/3s]
    Running the tests in ‘tests/run-demos.R’ failed.
    Complete output:
     > library(quantreg)
     Loading required package: SparseM
    
     Attaching package: 'SparseM'
    
     The following object is masked from 'package:base':
    
     backsolve
    
     >
     > (dDIR <- system.file("demo", package = "quantreg"))
     [1] "/home/hornik/tmp/R.check/r-release-gcc/Work/build/Packages/quantreg/demo"
     > setwd(dDIR)
     > set.seed(1) # since some demos randomly generate
     >
     > cat("Running demos from package 'quantreg' : \n\n")
     Running demos from package 'quantreg' :
    
     > for(ff in list.files(dDIR, pattern="\\.R$", full.names = TRUE)) {
     + f <- basename(ff)
     + cat("\n", f," :\n", paste(rep.int("-", nchar(f)), collapse=''),
     + "\n", sep='')
     +
     + source(ff, echo = TRUE)
     + }
    
     Frank.R :
     -------
    
     > vFrank <- function(x, df, delta, u) -log(1 - (1 -
     + exp(-delta))/(1 + exp(-delta * pt(x, df)) * ((1/u) - 1)))/delta
    
     > FrankModel <- function(x, delta, mu, sigma, df, tau) {
     + z <- qt(vFrank(x, df, delta, u = tau), df)
     + mu + sigma * z
     + }
    
     > n <- 200
    
     > df <- 8
    
     > delta <- 8
    
     > set.seed(1989)
    
     > x <- sort(rt(n, df))
    
     > v <- vFrank(x, df, delta, u = runif(n))
    
     > y <- qt(v, df)
    
     > plot(x, y, pch = "o", col = "blue", cex = 0.25)
     Error in (function (file = if (onefile) "Rplots.pdf" else "Rplot%03d.pdf", :
     cannot open file 'Rplots.pdf'
     Calls: source ... eval -> plot -> plot.default -> dev.hold -> <Anonymous>
     Execution halted
Flavor: r-release-linux-x86_64