CRAN Package Check Results for Package quantreg

Last updated on 2018-12-17 15:49:45 CET.

Flavor Version Tinstall Tcheck Ttotal Status Flags
r-devel-linux-x86_64-debian-clang 5.36 21.89 4.66 26.55 ERROR
r-devel-linux-x86_64-debian-gcc 5.36 15.10 2.53 17.63 ERROR
r-devel-linux-x86_64-fedora-clang 5.36 203.04 OK
r-devel-linux-x86_64-fedora-gcc 5.36 196.64 OK
r-devel-windows-ix86+x86_64 5.36 82.00 272.00 354.00 OK
r-patched-linux-x86_64 5.36 20.10 3.14 23.24 ERROR
r-patched-solaris-x86 5.36 274.40 OK
r-release-linux-x86_64 5.36 20.17 142.13 162.30 OK
r-release-windows-ix86+x86_64 5.36 58.00 216.00 274.00 OK
r-release-osx-x86_64 5.36 OK
r-oldrel-windows-ix86+x86_64 5.36 61.00 302.00 363.00 OK
r-oldrel-osx-x86_64 5.36 OK

Check Details

Version: 5.36
Check: whether the package can be loaded
Result: ERROR
    Loading this package had a fatal error status code 1
    Loading log:
    Loading required package: SparseM
    Error: package or namespace load failed for ‘SparseM’ in dyn.load(file, DLLpath = DLLpath, ...):
     unable to load shared object ‘/home/hornik/tmp/R.check/r-devel-clang/Work/build/Packages/SparseM/libs/SparseM.so’:
     /home/hornik/tmp/R.check/r-devel-clang/Work/build/Packages/SparseM/libs/SparseM.so: failed to map segment from shared object
    Error: package ‘SparseM’ could not be loaded
    Execution halted
Flavor: r-devel-linux-x86_64-debian-clang

Version: 5.36
Check: whether the package can be loaded
Result: ERROR
    Loading this package had a fatal error status code 1
    Loading log:
    Loading required package: SparseM
    Error: package or namespace load failed for ‘SparseM’ in dyn.load(file, DLLpath = DLLpath, ...):
     unable to load shared object ‘/home/hornik/tmp/R.check/r-devel-gcc/Work/build/Packages/SparseM/libs/SparseM.so’:
     /home/hornik/tmp/R.check/r-devel-gcc/Work/build/Packages/SparseM/libs/SparseM.so: failed to map segment from shared object
    Error: package ‘SparseM’ could not be loaded
    Execution halted
Flavor: r-devel-linux-x86_64-debian-gcc

Version: 5.36
Check: whether the package can be loaded
Result: ERROR
    Loading this package had a fatal error status code 1
    Loading log:
    Loading required package: SparseM
    Error: package or namespace load failed for ‘SparseM’ in dyn.load(file, DLLpath = DLLpath, ...):
     unable to load shared object ‘/home/hornik/tmp/R.check/r-patched-gcc/Work/build/Packages/SparseM/libs/SparseM.so’:
     /home/hornik/tmp/R.check/r-patched-gcc/Work/build/Packages/SparseM/libs/SparseM.so: failed to map segment from shared object
    Error: package ‘SparseM’ could not be loaded
    Execution halted
Flavor: r-patched-linux-x86_64