CRAN Package Check Results for Package quantregRanger

Last updated on 2021-04-10 16:48:36 CEST.

Flavor Version Tinstall Tcheck Ttotal Status Flags
r-devel-linux-x86_64-debian-clang 1.0 46.48 36.54 83.02 NOTE
r-devel-linux-x86_64-debian-gcc 1.0 27.05 28.41 55.46 NOTE
r-devel-linux-x86_64-fedora-clang 1.0 121.37 NOTE
r-devel-linux-x86_64-fedora-gcc 1.0 97.28 NOTE
r-devel-windows-ix86+x86_64 1.0 74.00 64.00 138.00 NOTE
r-devel-windows-x86_64-gcc10-UCRT 1.0 NOTE
r-patched-linux-x86_64 1.0 35.22 34.69 69.91 OK
r-patched-solaris-x86 1.0 116.10 OK
r-release-linux-x86_64 1.0 33.15 35.05 68.20 OK
r-release-macos-x86_64 1.0 OK
r-release-windows-ix86+x86_64 1.0 88.00 84.00 172.00 OK
r-oldrel-macos-x86_64 1.0 OK
r-oldrel-windows-ix86+x86_64 1.0 95.00 60.00 155.00 OK

Check Details

Version: 1.0
Check: LazyData
Result: NOTE
     'LazyData' is specified without a 'data' directory
Flavors: r-devel-linux-x86_64-debian-clang, r-devel-linux-x86_64-debian-gcc, r-devel-linux-x86_64-fedora-clang, r-devel-linux-x86_64-fedora-gcc, r-devel-windows-ix86+x86_64, r-devel-windows-x86_64-gcc10-UCRT