CRAN Package Check Results for Package quantspec

Last updated on 2018-04-27 04:50:57 CEST.

Flavor Version Tinstall Tcheck Ttotal Status Flags
r-devel-linux-x86_64-debian-clang 1.2-1 26.15 149.45 175.60 NOTE
r-devel-linux-x86_64-debian-gcc 1.2-1 23.51 124.42 147.93 NOTE
r-devel-linux-x86_64-fedora-clang 1.2-1 241.95 NOTE
r-devel-linux-x86_64-fedora-gcc 1.2-1 231.60 NOTE
r-devel-windows-ix86+x86_64 1.2-1 70.00 326.00 396.00 OK
r-patched-linux-x86_64 1.2-1 27.80 161.08 188.88 NOTE
r-patched-solaris-x86 1.2-1 316.80 OK
r-release-linux-x86_64 1.2-1 30.23 159.70 189.93 NOTE
r-release-windows-ix86+x86_64 1.2-1 70.00 326.00 396.00 OK
r-release-osx-x86_64 1.2-1 OK
r-oldrel-windows-ix86+x86_64 1.2-1 52.00 326.00 378.00 OK
r-oldrel-osx-x86_64 1.2-1 OK

Check Details

Version: 1.2-1
Check: compiled code
Result: NOTE
    File ‘quantspec/libs/quantspec.so’:
     Found no calls to: ‘R_registerRoutines’, ‘R_useDynamicSymbols’
    
    It is good practice to register native routines and to disable symbol
    search.
    
    See ‘Writing portable packages’ in the ‘Writing R Extensions’ manual.
Flavors: r-devel-linux-x86_64-debian-clang, r-devel-linux-x86_64-debian-gcc, r-devel-linux-x86_64-fedora-clang, r-devel-linux-x86_64-fedora-gcc, r-patched-linux-x86_64, r-release-linux-x86_64