CRAN Package Check Results for Package quantspec

Last updated on 2018-07-15 19:51:54 CEST.

Flavor Version Tinstall Tcheck Ttotal Status Flags
r-devel-linux-x86_64-debian-clang 1.2-1 27.72 177.21 204.93 NOTE
r-devel-linux-x86_64-debian-gcc 1.2-1 22.60 136.25 158.85 NOTE
r-devel-linux-x86_64-fedora-clang 1.2-1 239.92 NOTE
r-devel-linux-x86_64-fedora-gcc 1.2-1 236.99 NOTE
r-devel-windows-ix86+x86_64 1.2-1 67.00 242.00 309.00 OK
r-patched-linux-x86_64 1.2-1 26.91 162.82 189.73 NOTE
r-patched-solaris-x86 1.2-1 312.60 OK
r-release-linux-x86_64 1.2-1 26.26 163.27 189.53 NOTE
r-release-windows-ix86+x86_64 1.2-1 56.00 257.00 313.00 OK
r-release-osx-x86_64 1.2-1 OK
r-oldrel-windows-ix86+x86_64 1.2-1 51.00 322.00 373.00 OK
r-oldrel-osx-x86_64 1.2-1 OK

Check Details

Version: 1.2-1
Check: compiled code
Result: NOTE
    File ‘quantspec/libs/quantspec.so’:
     Found no calls to: ‘R_registerRoutines’, ‘R_useDynamicSymbols’
    
    It is good practice to register native routines and to disable symbol
    search.
    
    See ‘Writing portable packages’ in the ‘Writing R Extensions’ manual.
Flavors: r-devel-linux-x86_64-debian-clang, r-devel-linux-x86_64-debian-gcc, r-devel-linux-x86_64-fedora-clang, r-devel-linux-x86_64-fedora-gcc, r-patched-linux-x86_64, r-release-linux-x86_64