CRAN Package Check Results for Package quantspec

Last updated on 2018-10-24 05:49:57 CEST.

Flavor Version Tinstall Tcheck Ttotal Status Flags
r-devel-linux-x86_64-debian-clang 1.2-1 27.10 169.06 196.16 OK
r-devel-linux-x86_64-debian-gcc 1.2-1 25.66 131.42 157.08 OK
r-devel-linux-x86_64-fedora-clang 1.2-1 246.66 NOTE
r-devel-linux-x86_64-fedora-gcc 1.2-1 231.71 NOTE
r-devel-windows-ix86+x86_64 1.2-1 70.00 331.00 401.00 OK
r-patched-linux-x86_64 1.2-1 28.72 156.37 185.09 OK
r-patched-solaris-x86 1.2-1 316.40 OK
r-release-linux-x86_64 1.2-1 26.04 155.99 182.03 OK
r-release-windows-ix86+x86_64 1.2-1 69.00 319.00 388.00 OK
r-release-osx-x86_64 1.2-1 OK
r-oldrel-windows-ix86+x86_64 1.2-1 51.00 337.00 388.00 OK
r-oldrel-osx-x86_64 1.2-1 OK

Check Details

Version: 1.2-1
Check: compiled code
Result: NOTE
    File ‘quantspec/libs/quantspec.so’:
     Found no calls to: ‘R_registerRoutines’, ‘R_useDynamicSymbols’
    
    It is good practice to register native routines and to disable symbol
    search.
    
    See ‘Writing portable packages’ in the ‘Writing R Extensions’ manual.
Flavors: r-devel-linux-x86_64-fedora-clang, r-devel-linux-x86_64-fedora-gcc