CRAN Package Check Results for Package queuecomputer

Last updated on 2022-05-19 09:53:21 CEST.

Flavor Version Tinstall Tcheck Ttotal Status Flags
r-devel-linux-x86_64-debian-clang 1.1.0 27.97 87.70 115.67 WARN
r-devel-linux-x86_64-debian-gcc 1.1.0 25.54 64.92 90.46 OK
r-devel-linux-x86_64-fedora-clang 1.1.0 153.77 WARN
r-devel-linux-x86_64-fedora-gcc 1.1.0 142.34 OK
r-devel-windows-x86_64 1.1.0 65.00 121.00 186.00 OK
r-patched-linux-x86_64 1.1.0 25.03 82.90 107.93 OK
r-release-linux-x86_64 1.1.0 29.29 80.53 109.82 OK
r-release-macos-arm64 1.1.0 42.00 OK
r-release-macos-x86_64 1.1.0 74.00 OK
r-release-windows-x86_64 1.1.0 61.00 126.00 187.00 OK
r-oldrel-macos-arm64 1.1.0 46.00 OK
r-oldrel-macos-x86_64 1.1.0 61.00 OK
r-oldrel-windows-ix86+x86_64 1.1.0 85.00 144.00 229.00 OK

Additional issues

clang14

Check Details

Version: 1.1.0
Check: whether package can be installed
Result: WARN
    Found the following significant warnings:
     loops.cpp:69:9: warning: use of bitwise '|' with boolean operands [-Wbitwise-instead-of-logical]
Flavors: r-devel-linux-x86_64-debian-clang, r-devel-linux-x86_64-fedora-clang