CRAN Package Check Results for Package quickPlot

Last updated on 2018-02-21 22:48:15 CET.

Flavor Version Tinstall Tcheck Ttotal Status Flags
r-devel-linux-x86_64-debian-clang 0.1.3 11.88 142.37 154.25 NOTE
r-devel-linux-x86_64-debian-gcc 0.1.3 10.05 113.67 123.72 NOTE
r-devel-linux-x86_64-fedora-clang 0.1.3 178.35 NOTE
r-devel-linux-x86_64-fedora-gcc 0.1.3 174.25 NOTE
r-devel-windows-ix86+x86_64 0.1.3 15.00 131.00 146.00 NOTE
r-patched-linux-x86_64 0.1.3 13.06 145.68 158.74 NOTE
r-patched-solaris-x86 0.1.3 252.40 NOTE
r-release-linux-x86_64 0.1.3 14.82 151.37 166.19 NOTE
r-release-windows-ix86+x86_64 0.1.3 29.00 196.00 225.00 NOTE
r-release-osx-x86_64 0.1.3 NOTE
r-oldrel-windows-ix86+x86_64 0.1.3 17.00 140.00 157.00 NOTE
r-oldrel-osx-x86_64 0.1.2 ERROR

Check Details

Version: 0.1.3
Check: package dependencies
Result: NOTE
    Package suggested but not available for checking: ‘fastshp’
Flavors: r-devel-linux-x86_64-debian-clang, r-devel-linux-x86_64-debian-gcc, r-devel-linux-x86_64-fedora-clang, r-devel-linux-x86_64-fedora-gcc, r-devel-windows-ix86+x86_64, r-patched-linux-x86_64, r-patched-solaris-x86, r-release-linux-x86_64, r-release-windows-ix86+x86_64, r-release-osx-x86_64, r-oldrel-windows-ix86+x86_64

Version: 0.1.3
Check: dependencies in R code
Result: NOTE
    Namespace in Imports field not imported from: ‘rgdal’
     All declared Imports should be used.
Flavors: r-devel-linux-x86_64-fedora-clang, r-devel-linux-x86_64-fedora-gcc, r-patched-solaris-x86, r-release-osx-x86_64

Version: 0.1.2
Check: package dependencies
Result: NOTE
    Package suggested but not available for checking: ‘fastshp’
Flavor: r-oldrel-osx-x86_64

Version: 0.1.2
Check: whether package can be installed
Result: ERROR
    Installation failed.
Flavor: r-oldrel-osx-x86_64