CRAN Package Check Results for Package quickPlot

Last updated on 2018-05-25 13:48:11 CEST.

Flavor Version Tinstall Tcheck Ttotal Status Flags
r-devel-linux-x86_64-debian-clang 0.1.3 9.90 149.79 159.69 WARN
r-devel-linux-x86_64-debian-gcc 0.1.3 11.16 123.14 134.30 WARN
r-devel-linux-x86_64-fedora-clang 0.1.3 194.25 NOTE
r-devel-linux-x86_64-fedora-gcc 0.1.3 191.35 NOTE
r-devel-windows-ix86+x86_64 0.1.3 16.00 144.00 160.00 NOTE
r-patched-linux-x86_64 0.1.3 11.69 130.77 142.46 NOTE
r-patched-solaris-x86 0.1.3 258.90 NOTE
r-release-linux-x86_64 0.1.3 9.02 130.96 139.98 NOTE
r-release-windows-ix86+x86_64 0.1.3 25.00 186.00 211.00 NOTE
r-release-osx-x86_64 0.1.3 NOTE
r-oldrel-windows-ix86+x86_64 0.1.3 24.00 135.00 159.00 NOTE
r-oldrel-osx-x86_64 0.1.3 NOTE

Check Details

Version: 0.1.3
Check: package dependencies
Result: NOTE
    Package suggested but not available for checking: ‘fastshp’
Flavors: r-devel-linux-x86_64-debian-clang, r-devel-linux-x86_64-debian-gcc, r-devel-linux-x86_64-fedora-clang, r-devel-linux-x86_64-fedora-gcc, r-devel-windows-ix86+x86_64, r-patched-linux-x86_64, r-patched-solaris-x86, r-release-linux-x86_64, r-release-windows-ix86+x86_64, r-release-osx-x86_64, r-oldrel-windows-ix86+x86_64, r-oldrel-osx-x86_64

Version: 0.1.3
Check: for unstated dependencies in ‘tests’
Result: WARN
    'library' or 'require' call not declared from: ‘reproducible’
Flavors: r-devel-linux-x86_64-debian-clang, r-devel-linux-x86_64-debian-gcc

Version: 0.1.3
Check: dependencies in R code
Result: NOTE
    Namespace in Imports field not imported from: ‘rgdal’
     All declared Imports should be used.
Flavors: r-devel-linux-x86_64-fedora-clang, r-devel-linux-x86_64-fedora-gcc, r-patched-solaris-x86, r-release-osx-x86_64, r-oldrel-osx-x86_64