CRAN Package Check Results for Package quickerstats

Last updated on 2021-05-08 05:57:17 CEST.

Flavor Version Tinstall Tcheck Ttotal Status Flags
r-devel-linux-x86_64-debian-clang 0.0.1 2.19 25.69 27.88 NOTE
r-devel-linux-x86_64-debian-gcc 0.0.1 1.38 20.38 21.76 NOTE
r-devel-linux-x86_64-fedora-clang 0.0.1 44.37 NOTE
r-devel-linux-x86_64-fedora-gcc 0.0.1 34.26 NOTE
r-devel-windows-ix86+x86_64 0.0.1 11.00 48.00 59.00 NOTE
r-devel-windows-x86_64-gcc10-UCRT 0.0.1 NOTE
r-patched-linux-x86_64 0.0.1 2.28 25.45 27.73 NOTE
r-patched-solaris-x86 0.0.1 54.10 NOTE
r-release-linux-x86_64 0.0.1 2.31 25.40 27.71 OK
r-release-macos-x86_64 0.0.1 NOTE
r-release-windows-ix86+x86_64 0.0.1 4.00 35.00 39.00 OK
r-oldrel-macos-x86_64 0.0.1 NOTE
r-oldrel-windows-ix86+x86_64 0.0.1 4.00 43.00 47.00 OK

Check Details

Version: 0.0.1
Check: LazyData
Result: NOTE
     'LazyData' is specified without a 'data' directory
Flavors: r-devel-linux-x86_64-debian-clang, r-devel-linux-x86_64-debian-gcc, r-devel-linux-x86_64-fedora-clang, r-devel-linux-x86_64-fedora-gcc, r-devel-windows-ix86+x86_64, r-devel-windows-x86_64-gcc10-UCRT, r-patched-linux-x86_64

Version: 0.0.1
Check: dependencies in R code
Result: NOTE
    Namespace in Imports field not imported from: ‘readr’
     All declared Imports should be used.
Flavors: r-devel-linux-x86_64-fedora-clang, r-devel-linux-x86_64-fedora-gcc, r-devel-windows-x86_64-gcc10-UCRT, r-patched-solaris-x86, r-release-macos-x86_64, r-oldrel-macos-x86_64