CRAN Package Check Results for Package quietR

Last updated on 2024-04-24 02:53:09 CEST.

Flavor Version Tinstall Tcheck Ttotal Status Flags
r-devel-linux-x86_64-debian-clang 0.1.0 1.93 22.84 24.77 NOTE
r-devel-linux-x86_64-debian-gcc 0.1.0 1.43 17.97 19.40 NOTE
r-devel-linux-x86_64-fedora-clang 0.1.0 32.11 NOTE
r-devel-linux-x86_64-fedora-gcc 0.1.0 30.60 NOTE
r-prerel-macos-arm64 0.1.0 16.00 NOTE
r-prerel-windows-x86_64 0.1.0 2.00 45.00 47.00 NOTE
r-patched-linux-x86_64 0.1.0 1.75 22.43 24.18 NOTE
r-release-linux-x86_64 0.1.0 2.04 22.11 24.15 NOTE
r-release-macos-arm64 0.1.0 16.00 NOTE
r-release-macos-x86_64 0.1.0 21.00 NOTE
r-release-windows-x86_64 0.1.0 4.00 44.00 48.00 NOTE
r-oldrel-macos-arm64 0.1.0 25.00 NOTE
r-oldrel-windows-x86_64 0.1.0 3.00 47.00 50.00 NOTE

Check Details

Version: 0.1.0
Check: LazyData
Result: NOTE 'LazyData' is specified without a 'data' directory Flavors: r-devel-linux-x86_64-debian-clang, r-devel-linux-x86_64-debian-gcc, r-devel-linux-x86_64-fedora-clang, r-devel-linux-x86_64-fedora-gcc, r-prerel-macos-arm64, r-prerel-windows-x86_64, r-patched-linux-x86_64, r-release-linux-x86_64, r-release-macos-arm64, r-release-macos-x86_64, r-release-windows-x86_64, r-oldrel-macos-arm64, r-oldrel-windows-x86_64