CRAN Package Check Results for Package quipu

Last updated on 2018-02-21 05:48:50 CET.

Flavor Version Tinstall Tcheck Ttotal Status Flags
r-devel-linux-x86_64-debian-clang 1.9.0 6.02 74.13 80.15 NOTE
r-devel-linux-x86_64-debian-gcc 1.9.0 4.41 58.96 63.37 NOTE
r-devel-linux-x86_64-fedora-clang 1.9.0 98.81 NOTE
r-devel-linux-x86_64-fedora-gcc 1.9.0 96.17 NOTE
r-devel-windows-ix86+x86_64 1.9.0 9.00 80.00 89.00 NOTE
r-patched-linux-x86_64 1.9.0 4.12 75.22 79.34 NOTE
r-patched-solaris-x86 1.9.0 158.20 NOTE
r-release-linux-x86_64 1.9.0 3.75 75.25 79.00 NOTE
r-release-windows-ix86+x86_64 1.9.0 14.00 125.00 139.00 NOTE
r-release-osx-x86_64 1.9.0 WARN
r-oldrel-windows-ix86+x86_64 1.9.0 15.00 119.00 134.00 NOTE
r-oldrel-osx-x86_64 1.9.0 NOTE

Check Details

Version: 1.9.0
Check: R code for possible problems
Result: NOTE
    draw_legend: no visible global function definition for ‘legend’
    draw_legend: no visible global function definition for ‘par’
    draw_nodes: no visible global function definition for ‘lines’
    draw_nodes: no visible global function definition for ‘points’
    draw_nodes: no visible global function definition for ‘text’
    draw_vertical_lines: no visible global function definition for ‘lines’
    draw_vertical_lines: no visible global function definition for ‘abline’
    layout_large_plot: no visible global function definition for ‘par’
    layout_large_plot: no visible global function definition for ‘mtext’
    layout_large_plot: no visible global function definition for ‘axis’
    layout_large_plot: no visible global function definition for ‘lines’
    layout_small_plot: no visible global function definition for ‘par’
    rquipu: no visible global function definition for ‘colors’
    rquipu: no visible global function definition for ‘jpeg’
    rquipu: no visible global function definition for ‘png’
    rquipu: no visible global function definition for ‘dev.off’
    Undefined global functions or variables:
     abline axis colors dev.off jpeg legend lines mtext par png points
     text
    Consider adding
     importFrom("grDevices", "colors", "dev.off", "jpeg", "png")
     importFrom("graphics", "abline", "axis", "legend", "lines", "mtext",
     "par", "points", "text")
    to your NAMESPACE file.
Flavors: r-devel-linux-x86_64-debian-clang, r-devel-linux-x86_64-debian-gcc, r-devel-linux-x86_64-fedora-clang, r-devel-linux-x86_64-fedora-gcc, r-devel-windows-ix86+x86_64, r-patched-linux-x86_64, r-patched-solaris-x86, r-release-linux-x86_64, r-release-windows-ix86+x86_64, r-release-osx-x86_64, r-oldrel-windows-ix86+x86_64, r-oldrel-osx-x86_64

Version: 1.9.0
Check: re-building of vignette outputs
Result: WARN
    Error in re-building vignettes:
     ...
    Warning: running command 'kpsewhich framed.sty' had status 1
    Warning in test_latex_pkg("framed", system.file("misc", "framed.sty", package = "knitr")) :
     unable to find LaTeX package 'framed'; will use a copy from knitr
    Error in texi2dvi(file = file, pdf = TRUE, clean = clean, quiet = quiet, :
     Running 'texi2dvi' on 'Quipu_tutorial.tex' failed.
    LaTeX errors:
    ! LaTeX Error: File `sectsty.sty' not found.
    
    Type X to quit or <RETURN> to proceed,
    or enter new name. (Default extension: sty)
    
    ! Emergency stop.
    <read *>
    
    l.31 \sectionfont
     {\sffamily\bfseries\color{BiocBlue}\sectionrule{0pt}{0pt}{-...
    ! ==> Fatal error occurred, no output PDF file produced!
    Calls: buildVignettes -> texi2pdf -> texi2dvi
    Execution halted
Flavor: r-release-osx-x86_64