CRAN Package Check Results for Package quokar

Last updated on 2018-01-19 10:47:51 CET.

Flavor Version Tinstall Tcheck Ttotal Status Flags
r-devel-linux-x86_64-debian-clang 0.1.0 5.31 120.70 126.01 OK
r-devel-linux-x86_64-debian-gcc 0.1.0 5.92 97.32 103.24 OK
r-devel-linux-x86_64-fedora-clang 0.1.0 166.40 NOTE
r-devel-linux-x86_64-fedora-gcc 0.1.0 162.15 NOTE
r-devel-windows-ix86+x86_64 0.1.0 19.00 177.00 196.00 OK
r-patched-linux-x86_64 0.1.0 6.59 134.34 140.93 OK
r-patched-solaris-x86 0.1.0 245.50 NOTE
r-release-linux-x86_64 0.1.0 6.94 131.66 138.60 OK
r-release-windows-ix86+x86_64 0.1.0 15.00 176.00 191.00 OK
r-release-osx-x86_64 0.1.0 NOTE
r-oldrel-windows-ix86+x86_64 0.1.0 15.00 201.00 216.00 OK
r-oldrel-osx-x86_64 0.1.0 NOTE

Check Details

Version: 0.1.0
Check: dependencies in R code
Result: NOTE
    Namespaces in Imports field not imported from:
     ‘MCMCpack’ ‘gridExtra’ ‘knitr’
     All declared Imports should be used.
Flavors: r-devel-linux-x86_64-fedora-clang, r-devel-linux-x86_64-fedora-gcc, r-patched-solaris-x86, r-release-osx-x86_64, r-oldrel-osx-x86_64