CRAN Package Check Results for Package quokar

Last updated on 2018-10-20 01:46:40 CEST.

Flavor Version Tinstall Tcheck Ttotal Status Flags
r-devel-linux-x86_64-debian-clang 0.1.0 10.94 133.42 144.36 OK
r-devel-linux-x86_64-debian-gcc 0.1.0 9.99 103.40 113.39 OK
r-devel-linux-x86_64-fedora-clang 0.1.0 173.85 NOTE
r-devel-linux-x86_64-fedora-gcc 0.1.0 163.59 NOTE
r-devel-windows-ix86+x86_64 0.1.0 30.00 241.00 271.00 OK
r-patched-linux-x86_64 0.1.0 8.34 117.53 125.87 OK
r-patched-solaris-x86 0.1.0 222.20 NOTE
r-release-linux-x86_64 0.1.0 9.82 117.03 126.85 OK
r-release-windows-ix86+x86_64 0.1.0 25.00 211.00 236.00 OK
r-release-osx-x86_64 0.1.0 NOTE
r-oldrel-windows-ix86+x86_64 0.1.0 17.00 232.00 249.00 OK
r-oldrel-osx-x86_64 0.1.0 NOTE

Check Details

Version: 0.1.0
Check: dependencies in R code
Result: NOTE
    Namespaces in Imports field not imported from:
     ‘MCMCpack’ ‘gridExtra’ ‘knitr’
     All declared Imports should be used.
Flavors: r-devel-linux-x86_64-fedora-clang, r-devel-linux-x86_64-fedora-gcc, r-patched-solaris-x86, r-release-osx-x86_64, r-oldrel-osx-x86_64