CRAN Package Check Results for Package quokar

Last updated on 2022-06-27 14:53:51 CEST.

Flavor Version Tinstall Tcheck Ttotal Status Flags
r-devel-linux-x86_64-debian-clang 0.1.0 16.28 176.47 192.75 OK
r-devel-linux-x86_64-debian-gcc 0.1.0 14.47 127.13 141.60 OK
r-devel-linux-x86_64-fedora-clang 0.1.0 233.38 NOTE
r-devel-linux-x86_64-fedora-gcc 0.1.0 227.31 NOTE
r-devel-windows-x86_64 0.1.0 27.00 194.00 221.00 OK
r-patched-linux-x86_64 0.1.0 12.92 163.51 176.43 OK
r-release-linux-x86_64 0.1.0 16.26 160.99 177.25 OK
r-release-macos-arm64 0.1.0 70.00 NOTE
r-release-macos-x86_64 0.1.0 181.00 NOTE
r-release-windows-x86_64 0.1.0 31.00 188.00 219.00 OK
r-oldrel-macos-arm64 0.1.0 94.00 NOTE
r-oldrel-macos-x86_64 0.1.0 102.00 NOTE
r-oldrel-windows-ix86+x86_64 0.1.0 40.00 235.00 275.00 OK

Check Details

Version: 0.1.0
Check: dependencies in R code
Result: NOTE
    Namespaces in Imports field not imported from:
     ‘MCMCpack’ ‘gridExtra’ ‘knitr’
     All declared Imports should be used.
Flavors: r-devel-linux-x86_64-fedora-clang, r-devel-linux-x86_64-fedora-gcc, r-release-macos-arm64, r-release-macos-x86_64, r-oldrel-macos-arm64, r-oldrel-macos-x86_64