CRAN Package Check Results for Package quokar

Last updated on 2018-04-25 22:47:10 CEST.

Flavor Version Tinstall Tcheck Ttotal Status Flags
r-devel-linux-x86_64-debian-clang 0.1.0 9.26 114.36 123.62 OK
r-devel-linux-x86_64-debian-gcc 0.1.0 7.60 89.68 97.28 OK
r-devel-linux-x86_64-fedora-clang 0.1.0 155.36 NOTE
r-devel-linux-x86_64-fedora-gcc 0.1.0 151.22 NOTE
r-devel-windows-ix86+x86_64 0.1.0 28.00 156.00 184.00 OK
r-patched-linux-x86_64 0.1.0 9.44 115.26 124.70 OK
r-patched-solaris-x86 0.1.0 219.90 NOTE
r-release-linux-x86_64 0.1.0 9.63 116.25 125.88 OK
r-release-windows-ix86+x86_64 0.1.0 28.00 156.00 184.00 OK
r-release-osx-x86_64 0.1.0 NOTE
r-oldrel-windows-ix86+x86_64 0.1.0 16.00 169.00 185.00 OK
r-oldrel-osx-x86_64 0.1.0 NOTE

Check Details

Version: 0.1.0
Check: dependencies in R code
Result: NOTE
    Namespaces in Imports field not imported from:
     ‘MCMCpack’ ‘gridExtra’ ‘knitr’
     All declared Imports should be used.
Flavors: r-devel-linux-x86_64-fedora-clang, r-devel-linux-x86_64-fedora-gcc, r-patched-solaris-x86, r-release-osx-x86_64, r-oldrel-osx-x86_64