CRAN Package Check Results for Package qut

Last updated on 2020-02-24 15:48:05 CET.

Flavor Version Tinstall Tcheck Ttotal Status Flags
r-devel-linux-x86_64-debian-clang 2.1 9.04 73.67 82.71 OK
r-devel-linux-x86_64-debian-gcc 2.1 8.21 58.46 66.67 OK
r-devel-linux-x86_64-fedora-clang 2.1 99.49 WARN
r-devel-linux-x86_64-fedora-gcc 2.1 98.81 OK
r-devel-windows-ix86+x86_64 2.1 15.00 81.00 96.00 OK
r-devel-windows-ix86+x86_64-gcc8 2.1 26.00 81.00 107.00 OK
r-patched-linux-x86_64 2.1 OK
r-patched-solaris-x86 2.1 142.60 OK
r-release-linux-x86_64 2.1 7.53 66.07 73.60 OK
r-release-windows-ix86+x86_64 2.1 13.00 80.00 93.00 OK
r-release-osx-x86_64 2.1 OK
r-oldrel-windows-ix86+x86_64 2.1 11.00 78.00 89.00 OK
r-oldrel-osx-x86_64 2.1 OK

Check Details

Version: 2.1
Check: package dependencies
Result: WARN
    Requires orphaned package: ‘flare’
Flavor: r-devel-linux-x86_64-fedora-clang