CRAN Package Check Results for Package qwraps2

Last updated on 2018-02-18 04:46:41 CET.

Flavor Version Tinstall Tcheck Ttotal Status Flags
r-devel-linux-x86_64-debian-clang 0.2.4 13.88 49.98 63.86 NOTE
r-devel-linux-x86_64-debian-gcc 0.2.4 10.49 39.28 49.77 NOTE
r-devel-linux-x86_64-fedora-clang 0.2.4 81.99 NOTE
r-devel-linux-x86_64-fedora-gcc 0.2.4 75.98 NOTE
r-devel-windows-ix86+x86_64 0.2.4 26.00 87.00 113.00 NOTE
r-patched-linux-x86_64 0.2.4 10.23 57.60 67.83 NOTE
r-patched-solaris-x86 0.2.4 103.70 NOTE
r-release-linux-x86_64 0.2.4 12.57 58.19 70.76 NOTE
r-release-windows-ix86+x86_64 0.2.4 40.00 95.00 135.00 NOTE
r-release-osx-x86_64 0.2.4 OK
r-oldrel-windows-ix86+x86_64 0.2.4 29.00 84.00 113.00 OK
r-oldrel-osx-x86_64 0.2.4 OK

Check Details

Version: 0.2.4
Check: S3 generic/method consistency
Result: NOTE
    Found the following apparent S3 methods exported but not registered:
     cbind.qwraps2_summary_table
    See section ‘Registering S3 methods’ in the ‘Writing R Extensions’
    manual.
Flavors: r-devel-linux-x86_64-debian-clang, r-devel-linux-x86_64-debian-gcc, r-devel-linux-x86_64-fedora-clang, r-devel-linux-x86_64-fedora-gcc, r-patched-linux-x86_64, r-patched-solaris-x86, r-release-linux-x86_64

Version: 0.2.4
Check: Rd \usage sections
Result: NOTE
    S3 methods shown with full name in documentation object 'summary_table':
     ‘cbind.qwraps2_summary_table’
    
    The \usage entries for S3 methods should use the \method markup and not
    their full name.
    See chapter ‘Writing R documentation files’ in the ‘Writing R
    Extensions’ manual.
Flavors: r-devel-linux-x86_64-debian-clang, r-devel-linux-x86_64-debian-gcc, r-devel-linux-x86_64-fedora-clang, r-devel-linux-x86_64-fedora-gcc, r-devel-windows-ix86+x86_64, r-patched-linux-x86_64, r-patched-solaris-x86, r-release-linux-x86_64, r-release-windows-ix86+x86_64

Version: 0.2.4
Check: compiled code
Result: NOTE
    File ‘qwraps2/libs/qwraps2.so’:
     Found no calls to: ‘R_registerRoutines’, ‘R_useDynamicSymbols’
    
    It is good practice to register native routines and to disable symbol
    search.
    
    See ‘Writing portable packages’ in the ‘Writing R Extensions’ manual.
Flavors: r-devel-linux-x86_64-debian-clang, r-devel-linux-x86_64-debian-gcc, r-devel-linux-x86_64-fedora-clang, r-devel-linux-x86_64-fedora-gcc, r-patched-linux-x86_64, r-release-linux-x86_64