Last updated on 2022-05-26 21:50:14 CEST.
Flavor | Version | Tinstall | Tcheck | Ttotal | Status | Flags |
---|---|---|---|---|---|---|
r-devel-linux-x86_64-debian-clang | 0.3.0 | 3.13 | 45.62 | 48.75 | OK | |
r-devel-linux-x86_64-debian-gcc | 0.3.0 | 3.11 | 40.11 | 43.22 | OK | |
r-devel-linux-x86_64-fedora-clang | 0.3.0 | 61.23 | NOTE | |||
r-devel-linux-x86_64-fedora-gcc | 0.3.0 | 49.08 | NOTE | |||
r-devel-windows-x86_64 | 0.3.0 | 45.00 | 77.00 | 122.00 | OK | |
r-patched-linux-x86_64 | 0.3.0 | 3.45 | 44.62 | 48.07 | OK | |
r-release-linux-x86_64 | 0.3.0 | 3.61 | 45.28 | 48.89 | OK | |
r-release-macos-arm64 | 0.3.0 | 23.00 | NOTE | |||
r-release-macos-x86_64 | 0.3.0 | 31.00 | NOTE | |||
r-release-windows-x86_64 | 0.3.0 | 39.00 | 72.00 | 111.00 | OK | |
r-oldrel-macos-arm64 | 0.3.0 | 23.00 | NOTE | |||
r-oldrel-macos-x86_64 | 0.3.0 | 29.00 | NOTE | |||
r-oldrel-windows-ix86+x86_64 | 0.3.0 | 9.00 | 59.00 | 68.00 | OK |
Version: 0.3.0
Check: data for non-ASCII characters
Result: NOTE
Note: found 5 marked UTF-8 strings
Flavors: r-devel-linux-x86_64-fedora-clang, r-devel-linux-x86_64-fedora-gcc, r-release-macos-arm64, r-release-macos-x86_64, r-oldrel-macos-arm64, r-oldrel-macos-x86_64