Last updated on 2022-05-26 21:50:14 CEST.
Flavor | Version | Tinstall | Tcheck | Ttotal | Status | Flags |
---|---|---|---|---|---|---|
r-devel-linux-x86_64-debian-clang | 5.0.0-10 | 62.42 | 189.01 | 251.43 | OK | |
r-devel-linux-x86_64-debian-gcc | 5.0.0-10 | 61.66 | 147.88 | 209.54 | OK | |
r-devel-linux-x86_64-fedora-clang | 5.0.0-10 | 363.95 | NOTE | |||
r-devel-linux-x86_64-fedora-gcc | 5.0.0-10 | 321.85 | OK | |||
r-devel-windows-x86_64 | 5.0.0-10 | 163.00 | 234.00 | 397.00 | OK | |
r-patched-linux-x86_64 | 5.0.0-10 | 59.46 | 169.37 | 228.83 | OK | |
r-release-linux-x86_64 | 5.0.0-10 | 60.72 | 175.40 | 236.12 | OK | |
r-release-macos-arm64 | 5.0.0-10 | 75.00 | NOTE | |||
r-release-macos-x86_64 | 5.0.0-10 | 95.00 | NOTE | |||
r-release-windows-x86_64 | 5.0.0-10 | 120.00 | 222.00 | 342.00 | OK | |
r-oldrel-macos-arm64 | 5.0.0-10 | 86.00 | NOTE | |||
r-oldrel-macos-x86_64 | 5.0.0-10 | 126.00 | NOTE | |||
r-oldrel-windows-ix86+x86_64 | 5.0.0-10 | 187.00 | 379.00 | 566.00 | OK |
Version: 5.0.0-10
Check: installed package size
Result: NOTE
installed size is 5.3Mb
sub-directories of 1Mb or more:
libs 3.2Mb
Flavors: r-devel-linux-x86_64-fedora-clang, r-release-macos-arm64, r-release-macos-x86_64, r-oldrel-macos-arm64, r-oldrel-macos-x86_64