CRAN Package Check Results for Package r3js

Last updated on 2024-03-04 00:55:51 CET.

Flavor Version Tinstall Tcheck Ttotal Status Flags
r-devel-linux-x86_64-debian-clang 0.0.2 3.59 174.16 177.75 OK
r-devel-linux-x86_64-debian-gcc 0.0.2 3.54 128.35 131.89 OK
r-devel-linux-x86_64-fedora-clang 0.0.2 209.37 NOTE
r-devel-linux-x86_64-fedora-gcc 0.0.2 218.51 OK
r-devel-windows-x86_64 0.0.2 7.00 139.00 146.00 NOTE
r-patched-linux-x86_64 0.0.2 6.66 163.56 170.22 OK
r-release-linux-x86_64 0.0.2 3.19 167.02 170.21 OK
r-release-macos-arm64 0.0.2 72.00 NOTE
r-release-macos-x86_64 0.0.2 115.00 NOTE
r-release-windows-x86_64 0.0.2 9.00 176.00 185.00 NOTE
r-oldrel-macos-arm64 0.0.2 54.00 NOTE
r-oldrel-windows-x86_64 0.0.2 8.00 171.00 179.00 NOTE

Check Details

Version: 0.0.2
Check: installed package size
Result: NOTE installed size is 7.3Mb sub-directories of 1Mb or more: doc 5.3Mb htmlwidgets 1.8Mb Flavors: r-devel-linux-x86_64-fedora-clang, r-devel-windows-x86_64, r-release-macos-arm64, r-release-macos-x86_64, r-release-windows-x86_64, r-oldrel-macos-arm64, r-oldrel-windows-x86_64