CRAN Package Check Results for Package r511

Last updated on 2020-07-07 07:48:12 CEST.

Flavor Version Tinstall Tcheck Ttotal Status Flags
r-devel-linux-x86_64-debian-clang 0.1.1 2.67 30.90 33.57 NOTE
r-devel-linux-x86_64-debian-gcc 0.1.1 2.45 24.49 26.94 NOTE
r-devel-linux-x86_64-fedora-clang 0.1.1 49.36 NOTE
r-devel-linux-x86_64-fedora-gcc 0.1.1 41.34 NOTE
r-devel-windows-ix86+x86_64 0.1.1 8.00 42.00 50.00 NOTE
r-patched-linux-x86_64 0.1.1 2.86 30.54 33.40 NOTE
r-patched-solaris-x86 0.1.1 62.30 NOTE
r-release-linux-x86_64 0.1.1 2.97 30.25 33.22 NOTE
r-release-osx-x86_64 0.1.1 NOTE
r-release-windows-ix86+x86_64 0.1.1 8.00 44.00 52.00 NOTE
r-oldrel-osx-x86_64 0.1.1 NOTE
r-oldrel-windows-ix86+x86_64 0.1.1 19.00 67.00 86.00 OK

Check Details

Version: 0.1.1
Check: package vignettes
Result: NOTE
    Package vignette with placeholder title 'Vignette Title':
     'r511-intro.Rmd'
Flavors: r-devel-linux-x86_64-debian-clang, r-devel-linux-x86_64-debian-gcc, r-devel-windows-ix86+x86_64, r-patched-linux-x86_64, r-release-linux-x86_64, r-release-windows-ix86+x86_64

Version: 0.1.1
Check: dependencies in R code
Result: NOTE
    Namespace in Imports field not imported from: ‘dplyr’
     All declared Imports should be used.
Flavors: r-devel-linux-x86_64-fedora-clang, r-devel-linux-x86_64-fedora-gcc, r-patched-solaris-x86, r-release-osx-x86_64, r-oldrel-osx-x86_64