CRAN Package Check Results for Package r511

Last updated on 2019-11-20 00:49:11 CET.

Flavor Version Tinstall Tcheck Ttotal Status Flags
r-devel-linux-x86_64-debian-clang 0.1.1 3.03 30.87 33.90 NOTE
r-devel-linux-x86_64-debian-gcc 0.1.1 2.59 24.81 27.40 NOTE
r-devel-linux-x86_64-fedora-clang 0.1.1 40.42 NOTE
r-devel-linux-x86_64-fedora-gcc 0.1.1 40.49 NOTE
r-devel-windows-ix86+x86_64 0.1.1 14.00 47.00 61.00 NOTE
r-devel-windows-ix86+x86_64-gcc8 0.1.1 8.00 45.00 53.00 NOTE
r-patched-linux-x86_64 0.1.1 2.41 28.39 30.80 OK
r-patched-solaris-x86 0.1.1 59.50 NOTE
r-release-linux-x86_64 0.1.1 2.58 28.53 31.11 OK
r-release-windows-ix86+x86_64 0.1.1 11.00 65.00 76.00 OK
r-release-osx-x86_64 0.1.1 NOTE
r-oldrel-windows-ix86+x86_64 0.1.1 4.00 70.00 74.00 OK
r-oldrel-osx-x86_64 0.1.1 NOTE

Check Details

Version: 0.1.1
Check: package vignettes
Result: NOTE
    Package vignette with placeholder title 'Vignette Title':
     'r511-intro.Rmd'
Flavors: r-devel-linux-x86_64-debian-clang, r-devel-linux-x86_64-debian-gcc, r-devel-windows-ix86+x86_64, r-devel-windows-ix86+x86_64-gcc8

Version: 0.1.1
Check: dependencies in R code
Result: NOTE
    Namespace in Imports field not imported from: ‘dplyr’
     All declared Imports should be used.
Flavors: r-devel-linux-x86_64-fedora-clang, r-devel-linux-x86_64-fedora-gcc, r-patched-solaris-x86, r-release-osx-x86_64, r-oldrel-osx-x86_64