Last updated on 2022-05-28 14:53:49 CEST.
Flavor | Version | Tinstall | Tcheck | Ttotal | Status | Flags |
---|---|---|---|---|---|---|
r-devel-linux-x86_64-debian-clang | 0.1.0 | 6.93 | 70.60 | 77.53 | NOTE | |
r-devel-linux-x86_64-debian-gcc | 0.1.0 | 4.94 | 52.77 | 57.71 | NOTE | |
r-devel-linux-x86_64-fedora-clang | 0.1.0 | 91.77 | NOTE | |||
r-devel-linux-x86_64-fedora-gcc | 0.1.0 | 79.02 | NOTE | |||
r-devel-windows-x86_64 | 0.1.0 | 18.00 | 85.00 | 103.00 | NOTE | |
r-patched-linux-x86_64 | 0.1.0 | 4.56 | 65.72 | 70.28 | NOTE | |
r-release-linux-x86_64 | 0.1.0 | 6.20 | 67.49 | 73.69 | NOTE | |
r-release-macos-arm64 | 0.1.0 | 25.00 | NOTE | |||
r-release-macos-x86_64 | 0.1.0 | 50.00 | NOTE | |||
r-release-windows-x86_64 | 0.1.0 | 17.00 | 88.00 | 105.00 | NOTE | |
r-oldrel-macos-arm64 | 0.1.0 | 27.00 | NOTE | |||
r-oldrel-macos-x86_64 | 0.1.0 | 39.00 | NOTE | |||
r-oldrel-windows-ix86+x86_64 | 0.1.0 | 18.00 | 83.00 | 101.00 | NOTE |
Version: 0.1.0
Check: LazyData
Result: NOTE
'LazyData' is specified without a 'data' directory
Flavors: r-devel-linux-x86_64-debian-clang, r-devel-linux-x86_64-debian-gcc, r-devel-linux-x86_64-fedora-clang, r-devel-linux-x86_64-fedora-gcc, r-devel-windows-x86_64, r-patched-linux-x86_64, r-release-linux-x86_64, r-release-macos-arm64, r-release-macos-x86_64, r-release-windows-x86_64, r-oldrel-macos-arm64, r-oldrel-macos-x86_64, r-oldrel-windows-ix86+x86_64