CRAN Package Check Results for Package rAmCharts

Last updated on 2018-08-17 07:47:44 CEST.

Flavor Version Tinstall Tcheck Ttotal Status Flags
r-devel-linux-x86_64-debian-clang 2.1.8 11.69 90.59 102.28 OK
r-devel-linux-x86_64-debian-gcc 2.1.8 12.17 69.98 82.15 OK
r-devel-linux-x86_64-fedora-clang 2.1.8 120.59 NOTE
r-devel-linux-x86_64-fedora-gcc 2.1.8 113.88 OK
r-devel-windows-ix86+x86_64 2.1.8 46.00 216.00 262.00 NOTE
r-patched-linux-x86_64 2.1.8 12.56 81.69 94.25 OK
r-patched-solaris-x86 2.1.8 149.90 NOTE
r-release-linux-x86_64 2.1.8 14.44 81.48 95.92 OK
r-release-windows-ix86+x86_64 2.1.8 44.00 205.00 249.00 NOTE
r-release-osx-x86_64 2.1.8 NOTE
r-oldrel-windows-ix86+x86_64 2.1.8 31.00 156.00 187.00 NOTE
r-oldrel-osx-x86_64 2.1.8 NOTE

Check Details

Version: 2.1.8
Check: installed package size
Result: NOTE
     installed size is 14.3Mb
     sub-directories of 1Mb or more:
     api 3.2Mb
     htmlwidgets 9.3Mb
Flavors: r-devel-linux-x86_64-fedora-clang, r-devel-windows-ix86+x86_64, r-patched-solaris-x86, r-release-windows-ix86+x86_64, r-release-osx-x86_64, r-oldrel-windows-ix86+x86_64, r-oldrel-osx-x86_64