CRAN Package Check Results for Package rAmCharts

Last updated on 2018-05-28 09:48:03 CEST.

Flavor Version Tinstall Tcheck Ttotal Status Flags
r-devel-linux-x86_64-debian-clang 2.1.7 14.24 80.42 94.66 OK
r-devel-linux-x86_64-debian-gcc 2.1.7 10.10 66.99 77.09 OK
r-devel-linux-x86_64-fedora-clang 2.1.7 119.57 NOTE
r-devel-linux-x86_64-fedora-gcc 2.1.7 119.08 NOTE
r-devel-windows-ix86+x86_64 2.1.7 35.00 214.00 249.00 NOTE
r-patched-linux-x86_64 2.1.6 12.69 79.37 92.06 OK
r-patched-solaris-x86 2.1.7 127.90 NOTE
r-release-linux-x86_64 2.1.7 12.48 80.25 92.73 OK
r-release-windows-ix86+x86_64 2.1.7 27.00 137.00 164.00 NOTE
r-release-osx-x86_64 2.1.7 NOTE
r-oldrel-windows-ix86+x86_64 2.1.7 14.00 142.00 156.00 NOTE
r-oldrel-osx-x86_64 2.1.6 NOTE

Check Details

Version: 2.1.7
Check: installed package size
Result: NOTE
     installed size is 8.2Mb
     sub-directories of 1Mb or more:
     htmlwidgets 6.4Mb
Flavors: r-devel-linux-x86_64-fedora-clang, r-devel-linux-x86_64-fedora-gcc, r-devel-windows-ix86+x86_64, r-patched-solaris-x86, r-release-windows-ix86+x86_64, r-release-osx-x86_64, r-oldrel-windows-ix86+x86_64

Version: 2.1.6
Check: installed package size
Result: NOTE
     installed size is 7.7Mb
     sub-directories of 1Mb or more:
     htmlwidgets 6.3Mb
Flavor: r-oldrel-osx-x86_64