CRAN Package Check Results for Package rAmCharts

Last updated on 2019-01-24 06:47:21 CET.

Flavor Version Tinstall Tcheck Ttotal Status Flags
r-devel-linux-x86_64-debian-clang 2.1.9 15.97 105.70 121.67 OK
r-devel-linux-x86_64-debian-gcc 2.1.9 11.12 109.23 120.35 OK
r-devel-linux-x86_64-fedora-clang 2.1.9 119.54 NOTE
r-devel-linux-x86_64-fedora-gcc 2.1.9 112.26 OK
r-devel-windows-ix86+x86_64 2.1.9 45.00 140.00 185.00 NOTE
r-patched-linux-x86_64 2.1.9 11.13 115.48 126.61 OK
r-patched-solaris-x86 2.1.9 167.50 NOTE
r-release-linux-x86_64 2.1.9 13.32 113.55 126.87 OK
r-release-windows-ix86+x86_64 2.1.9 30.00 179.00 209.00 NOTE
r-release-osx-x86_64 2.1.9 NOTE
r-oldrel-windows-ix86+x86_64 2.1.9 30.00 143.00 173.00 NOTE
r-oldrel-osx-x86_64 2.1.9 NOTE

Check Details

Version: 2.1.9
Check: installed package size
Result: NOTE
     installed size is 14.3Mb
     sub-directories of 1Mb or more:
     api 3.2Mb
     htmlwidgets 9.3Mb
Flavors: r-devel-linux-x86_64-fedora-clang, r-devel-windows-ix86+x86_64, r-patched-solaris-x86, r-release-windows-ix86+x86_64, r-release-osx-x86_64, r-oldrel-windows-ix86+x86_64, r-oldrel-osx-x86_64