CRAN Package Check Results for Package rAmCharts

Last updated on 2018-10-19 08:49:08 CEST.

Flavor Version Tinstall Tcheck Ttotal Status Flags
r-devel-linux-x86_64-debian-clang 2.1.8 13.52 91.41 104.93 OK
r-devel-linux-x86_64-debian-gcc 2.1.8 11.73 69.44 81.17 OK
r-devel-linux-x86_64-fedora-clang 2.1.8 124.35 NOTE
r-devel-linux-x86_64-fedora-gcc 2.1.8 114.45 OK
r-devel-windows-ix86+x86_64 2.1.8 39.00 137.00 176.00 NOTE
r-patched-linux-x86_64 2.1.8 12.56 80.94 93.50 OK
r-patched-solaris-x86 2.1.8 146.80 NOTE
r-release-linux-x86_64 2.1.8 11.14 81.26 92.40 OK
r-release-windows-ix86+x86_64 2.1.8 32.00 168.00 200.00 NOTE
r-release-osx-x86_64 2.1.8 NOTE
r-oldrel-windows-ix86+x86_64 2.1.8 20.00 171.00 191.00 NOTE
r-oldrel-osx-x86_64 2.1.8 NOTE

Check Details

Version: 2.1.8
Check: installed package size
Result: NOTE
     installed size is 14.3Mb
     sub-directories of 1Mb or more:
     api 3.2Mb
     htmlwidgets 9.3Mb
Flavors: r-devel-linux-x86_64-fedora-clang, r-devel-windows-ix86+x86_64, r-patched-solaris-x86, r-release-windows-ix86+x86_64, r-release-osx-x86_64, r-oldrel-windows-ix86+x86_64, r-oldrel-osx-x86_64