CRAN Package Check Results for Package rAvis

Last updated on 2018-05-23 00:46:51 CEST.

Flavor Version Tinstall Tcheck Ttotal Status Flags
r-devel-linux-x86_64-debian-clang 0.1.4 7.01 79.27 86.28 NOTE
r-devel-linux-x86_64-debian-gcc 0.1.4 6.58 66.49 73.07 NOTE
r-devel-linux-x86_64-fedora-clang 0.1.4 108.39 NOTE
r-devel-linux-x86_64-fedora-gcc 0.1.4 103.59 NOTE
r-devel-windows-ix86+x86_64 0.1.4 16.00 130.00 146.00 NOTE
r-patched-linux-x86_64 0.1.4 6.80 68.11 74.91 NOTE
r-patched-solaris-x86 0.1.4 166.80 NOTE
r-release-linux-x86_64 0.1.4 5.34 67.74 73.08 NOTE
r-release-windows-ix86+x86_64 0.1.4 19.00 97.00 116.00 NOTE
r-release-osx-x86_64 0.1.4 NOTE
r-oldrel-windows-ix86+x86_64 0.1.4 23.00 93.00 116.00 NOTE
r-oldrel-osx-x86_64 0.1.4 NOTE

Check Details

Version: 0.1.4
Check: R code for possible problems
Result: NOTE
    .avisApiBusAvanzada: no visible global function definition for
     ‘read.csv’
    .avisRenderMapAdmin: no visible global function definition for ‘points’
    .avisRenderMapAdmin: no visible global function definition for ‘rect’
    .avisRenderMapPhysical: no visible global function definition for
     ‘points’
    avisMap: no visible global function definition for ‘par’
    avisMap: no visible global function definition for ‘layout’
    Undefined global functions or variables:
     layout par points read.csv rect
    Consider adding
     importFrom("graphics", "layout", "par", "points", "rect")
     importFrom("utils", "read.csv")
    to your NAMESPACE file.
Flavors: r-devel-linux-x86_64-debian-clang, r-devel-linux-x86_64-debian-gcc, r-devel-linux-x86_64-fedora-clang, r-devel-linux-x86_64-fedora-gcc, r-devel-windows-ix86+x86_64, r-patched-linux-x86_64, r-patched-solaris-x86, r-release-linux-x86_64, r-release-windows-ix86+x86_64, r-release-osx-x86_64, r-oldrel-windows-ix86+x86_64, r-oldrel-osx-x86_64