CRAN Package Check Results for Package rAvis

Last updated on 2018-08-19 06:46:55 CEST.

Flavor Version Tinstall Tcheck Ttotal Status Flags
r-devel-linux-x86_64-debian-clang 0.1.4 7.49 79.34 86.83 NOTE
r-devel-linux-x86_64-debian-gcc 0.1.4 7.15 69.89 77.04 NOTE
r-devel-linux-x86_64-fedora-clang 0.1.4 107.17 NOTE
r-devel-linux-x86_64-fedora-gcc 0.1.4 105.09 NOTE
r-devel-windows-ix86+x86_64 0.1.4 21.00 136.00 157.00 NOTE
r-patched-linux-x86_64 0.1.4 5.31 68.42 73.73 NOTE
r-patched-solaris-x86 0.1.4 169.40 NOTE
r-release-linux-x86_64 0.1.4 4.95 69.00 73.95 NOTE
r-release-windows-ix86+x86_64 0.1.4 19.00 90.00 109.00 NOTE
r-release-osx-x86_64 0.1.4 NOTE
r-oldrel-windows-ix86+x86_64 0.1.4 15.00 130.00 145.00 NOTE
r-oldrel-osx-x86_64 0.1.4 NOTE

Check Details

Version: 0.1.4
Check: R code for possible problems
Result: NOTE
    .avisApiBusAvanzada: no visible global function definition for
     ‘read.csv’
    .avisRenderMapAdmin: no visible global function definition for ‘points’
    .avisRenderMapAdmin: no visible global function definition for ‘rect’
    .avisRenderMapPhysical: no visible global function definition for
     ‘points’
    avisMap: no visible global function definition for ‘par’
    avisMap: no visible global function definition for ‘layout’
    Undefined global functions or variables:
     layout par points read.csv rect
    Consider adding
     importFrom("graphics", "layout", "par", "points", "rect")
     importFrom("utils", "read.csv")
    to your NAMESPACE file.
Flavors: r-devel-linux-x86_64-debian-clang, r-devel-linux-x86_64-debian-gcc, r-devel-linux-x86_64-fedora-clang, r-devel-linux-x86_64-fedora-gcc, r-devel-windows-ix86+x86_64, r-patched-linux-x86_64, r-patched-solaris-x86, r-release-linux-x86_64, r-release-windows-ix86+x86_64, r-release-osx-x86_64, r-oldrel-windows-ix86+x86_64, r-oldrel-osx-x86_64