CRAN Package Check Results for Package rAvis

Last updated on 2019-02-17 21:47:45 CET.

Flavor Version Tinstall Tcheck Ttotal Status Flags
r-devel-linux-x86_64-debian-clang 0.1.4 7.33 83.52 90.85 NOTE
r-devel-linux-x86_64-debian-gcc 0.1.4 6.81 70.94 77.75 NOTE
r-devel-linux-x86_64-fedora-clang 0.1.4 114.04 NOTE
r-devel-linux-x86_64-fedora-gcc 0.1.4 107.51 NOTE
r-devel-windows-ix86+x86_64 0.1.4 22.00 101.00 123.00 NOTE
r-patched-linux-x86_64 0.1.4 6.40 80.50 86.90 NOTE
r-patched-solaris-x86 0.1.4 181.30 NOTE
r-release-linux-x86_64 0.1.4 NOTE
r-release-windows-ix86+x86_64 0.1.4 14.00 139.00 153.00 NOTE
r-release-osx-x86_64 0.1.4 NOTE
r-oldrel-windows-ix86+x86_64 0.1.4 20.00 149.00 169.00 NOTE
r-oldrel-osx-x86_64 0.1.4 NOTE

Check Details

Version: 0.1.4
Check: R code for possible problems
Result: NOTE
    .avisApiBusAvanzada: no visible global function definition for
     ‘read.csv’
    .avisRenderMapAdmin: no visible global function definition for ‘points’
    .avisRenderMapAdmin: no visible global function definition for ‘rect’
    .avisRenderMapPhysical: no visible global function definition for
     ‘points’
    avisMap: no visible global function definition for ‘par’
    avisMap: no visible global function definition for ‘layout’
    Undefined global functions or variables:
     layout par points read.csv rect
    Consider adding
     importFrom("graphics", "layout", "par", "points", "rect")
     importFrom("utils", "read.csv")
    to your NAMESPACE file.
Flavors: r-devel-linux-x86_64-debian-clang, r-devel-linux-x86_64-debian-gcc, r-devel-linux-x86_64-fedora-clang, r-devel-linux-x86_64-fedora-gcc, r-devel-windows-ix86+x86_64, r-patched-linux-x86_64, r-patched-solaris-x86, r-release-linux-x86_64, r-release-windows-ix86+x86_64, r-release-osx-x86_64, r-oldrel-windows-ix86+x86_64, r-oldrel-osx-x86_64