CRAN Package Check Results for Package rAvis

Last updated on 2018-11-17 13:47:40 CET.

Flavor Version Tinstall Tcheck Ttotal Status Flags
r-devel-linux-x86_64-debian-clang 0.1.4 6.85 81.31 88.16 NOTE
r-devel-linux-x86_64-debian-gcc 0.1.4 6.06 68.54 74.60 NOTE
r-devel-linux-x86_64-fedora-clang 0.1.4 126.01 NOTE
r-devel-linux-x86_64-fedora-gcc 0.1.4 103.33 NOTE
r-devel-windows-ix86+x86_64 0.1.4 17.00 113.00 130.00 NOTE
r-patched-linux-x86_64 0.1.4 6.64 77.94 84.58 NOTE
r-patched-solaris-x86 0.1.4 183.70 NOTE
r-release-linux-x86_64 0.1.4 7.72 76.51 84.23 NOTE
r-release-windows-ix86+x86_64 0.1.4 21.00 157.00 178.00 NOTE
r-release-osx-x86_64 0.1.4 NOTE
r-oldrel-windows-ix86+x86_64 0.1.4 19.00 147.00 166.00 NOTE
r-oldrel-osx-x86_64 0.1.4 NOTE

Check Details

Version: 0.1.4
Check: R code for possible problems
Result: NOTE
    .avisApiBusAvanzada: no visible global function definition for
     ‘read.csv’
    .avisRenderMapAdmin: no visible global function definition for ‘points’
    .avisRenderMapAdmin: no visible global function definition for ‘rect’
    .avisRenderMapPhysical: no visible global function definition for
     ‘points’
    avisMap: no visible global function definition for ‘par’
    avisMap: no visible global function definition for ‘layout’
    Undefined global functions or variables:
     layout par points read.csv rect
    Consider adding
     importFrom("graphics", "layout", "par", "points", "rect")
     importFrom("utils", "read.csv")
    to your NAMESPACE file.
Flavors: r-devel-linux-x86_64-debian-clang, r-devel-linux-x86_64-debian-gcc, r-devel-linux-x86_64-fedora-clang, r-devel-linux-x86_64-fedora-gcc, r-devel-windows-ix86+x86_64, r-patched-linux-x86_64, r-patched-solaris-x86, r-release-linux-x86_64, r-release-windows-ix86+x86_64, r-release-osx-x86_64, r-oldrel-windows-ix86+x86_64, r-oldrel-osx-x86_64