CRAN Package Check Results for Package rCAT

Last updated on 2021-05-08 09:51:20 CEST.

Flavor Version Tinstall Tcheck Ttotal Status Flags
r-devel-linux-x86_64-debian-clang 0.1.6 3.85 41.98 45.83 NOTE
r-devel-linux-x86_64-debian-gcc 0.1.6 2.88 33.48 36.36 NOTE
r-devel-linux-x86_64-fedora-clang 0.1.6 68.42 NOTE
r-devel-linux-x86_64-fedora-gcc 0.1.6 58.46 NOTE
r-devel-windows-ix86+x86_64 0.1.6 7.00 58.00 65.00 NOTE
r-devel-windows-x86_64-gcc10-UCRT 0.1.6 NOTE
r-patched-linux-x86_64 0.1.6 4.23 41.63 45.86 NOTE
r-patched-solaris-x86 0.1.6 91.90 OK
r-release-linux-x86_64 0.1.6 3.30 40.89 44.19 OK
r-release-macos-x86_64 0.1.6 OK
r-release-windows-ix86+x86_64 0.1.6 8.00 48.00 56.00 OK
r-oldrel-macos-x86_64 0.1.6 OK
r-oldrel-windows-ix86+x86_64 0.1.6 8.00 57.00 65.00 OK

Check Details

Version: 0.1.6
Check: LazyData
Result: NOTE
     'LazyData' is specified without a 'data' directory
Flavors: r-devel-linux-x86_64-debian-clang, r-devel-linux-x86_64-debian-gcc, r-devel-linux-x86_64-fedora-clang, r-devel-linux-x86_64-fedora-gcc, r-devel-windows-ix86+x86_64, r-devel-windows-x86_64-gcc10-UCRT, r-patched-linux-x86_64