CRAN Package Check Results for Package rChoiceDialogs

Last updated on 2020-07-07 07:48:13 CEST.

Flavor Version Tinstall Tcheck Ttotal Status Flags
r-devel-linux-x86_64-debian-clang 1.0.6 4.15 37.05 41.20 NOTE
r-devel-linux-x86_64-debian-gcc 1.0.6 3.02 29.08 32.10 NOTE
r-devel-linux-x86_64-fedora-clang 1.0.6 61.97 NOTE
r-devel-linux-x86_64-fedora-gcc 1.0.6 52.34 NOTE
r-devel-windows-ix86+x86_64 1.0.6 9.00 53.00 62.00 NOTE
r-patched-linux-x86_64 1.0.6 3.42 36.77 40.19 NOTE
r-patched-solaris-x86 1.0.6 80.60 NOTE
r-release-linux-x86_64 1.0.6 3.08 37.16 40.24 NOTE
r-release-osx-x86_64 1.0.6 NOTE
r-release-windows-ix86+x86_64 1.0.6 10.00 74.00 84.00 NOTE
r-oldrel-osx-x86_64 1.0.6 NOTE
r-oldrel-windows-ix86+x86_64 1.0.6 7.00 51.00 58.00 NOTE

Check Details

Version: 1.0.6
Check: DESCRIPTION meta-information
Result: NOTE
    Malformed Description field: should contain one or more complete sentences.
Flavors: r-devel-linux-x86_64-debian-clang, r-devel-linux-x86_64-debian-gcc, r-devel-linux-x86_64-fedora-clang, r-devel-linux-x86_64-fedora-gcc, r-devel-windows-ix86+x86_64, r-patched-linux-x86_64, r-patched-solaris-x86, r-release-linux-x86_64, r-release-osx-x86_64, r-release-windows-ix86+x86_64, r-oldrel-osx-x86_64, r-oldrel-windows-ix86+x86_64

Version: 1.0.6
Check: R code for possible problems
Result: NOTE
    .onAttach: no visible global function definition for
     'packageDescription'
    rselect.list: no visible global function definition for 'select.list'
    Undefined global functions or variables:
     packageDescription select.list
    Consider adding
     importFrom("utils", "packageDescription", "select.list")
    to your NAMESPACE file.
Flavors: r-devel-linux-x86_64-debian-clang, r-devel-linux-x86_64-debian-gcc, r-devel-linux-x86_64-fedora-clang, r-devel-linux-x86_64-fedora-gcc, r-devel-windows-ix86+x86_64, r-patched-linux-x86_64, r-patched-solaris-x86, r-release-linux-x86_64, r-release-osx-x86_64, r-release-windows-ix86+x86_64, r-oldrel-osx-x86_64, r-oldrel-windows-ix86+x86_64