CRAN Package Check Results for Package rChoiceDialogs

Last updated on 2019-12-07 07:56:27 CET.

Flavor Version Tinstall Tcheck Ttotal Status Flags
r-devel-linux-x86_64-debian-clang 1.0.6 3.32 37.11 40.43 NOTE
r-devel-linux-x86_64-debian-gcc 1.0.6 3.05 29.13 32.18 NOTE
r-devel-linux-x86_64-fedora-clang 1.0.6 47.66 NOTE
r-devel-linux-x86_64-fedora-gcc 1.0.6 48.63 NOTE
r-devel-windows-ix86+x86_64 1.0.6 6.00 7.00 13.00 ERROR
r-devel-windows-ix86+x86_64-gcc8 1.0.6 5.00 7.00 12.00 ERROR
r-patched-linux-x86_64 1.0.6 2.55 33.82 36.37 NOTE
r-patched-solaris-x86 1.0.6 65.90 NOTE
r-release-linux-x86_64 1.0.6 3.32 33.75 37.07 NOTE
r-release-windows-ix86+x86_64 1.0.6 7.00 64.00 71.00 NOTE
r-release-osx-x86_64 1.0.6 NOTE
r-oldrel-windows-ix86+x86_64 1.0.6 7.00 47.00 54.00 NOTE
r-oldrel-osx-x86_64 1.0.6 NOTE

Check Details

Version: 1.0.6
Check: DESCRIPTION meta-information
Result: NOTE
    Malformed Description field: should contain one or more complete sentences.
Flavors: r-devel-linux-x86_64-debian-clang, r-devel-linux-x86_64-debian-gcc, r-devel-linux-x86_64-fedora-clang, r-devel-linux-x86_64-fedora-gcc, r-patched-linux-x86_64, r-patched-solaris-x86, r-release-linux-x86_64, r-release-windows-ix86+x86_64, r-release-osx-x86_64, r-oldrel-windows-ix86+x86_64, r-oldrel-osx-x86_64

Version: 1.0.6
Check: R code for possible problems
Result: NOTE
    .onAttach: no visible global function definition for
     'packageDescription'
    rselect.list: no visible global function definition for 'select.list'
    Undefined global functions or variables:
     packageDescription select.list
    Consider adding
     importFrom("utils", "packageDescription", "select.list")
    to your NAMESPACE file.
Flavors: r-devel-linux-x86_64-debian-clang, r-devel-linux-x86_64-debian-gcc, r-devel-linux-x86_64-fedora-clang, r-devel-linux-x86_64-fedora-gcc, r-patched-linux-x86_64, r-patched-solaris-x86, r-release-linux-x86_64, r-release-windows-ix86+x86_64, r-release-osx-x86_64, r-oldrel-windows-ix86+x86_64, r-oldrel-osx-x86_64

Version: 1.0.6
Check: whether package can be installed
Result: ERROR
    Installation failed.
Flavors: r-devel-windows-ix86+x86_64, r-devel-windows-ix86+x86_64-gcc8