CRAN Package Check Results for Package rClinicalCodes

Last updated on 2018-10-19 06:48:06 CEST.

Flavor Version Tinstall Tcheck Ttotal Status Flags
r-devel-linux-x86_64-debian-clang 1.0.1 2.19 38.33 40.52 NOTE
r-devel-linux-x86_64-debian-gcc 1.0.1 2.45 30.64 33.09 NOTE
r-devel-linux-x86_64-fedora-clang 1.0.1 49.49 NOTE
r-devel-linux-x86_64-fedora-gcc 1.0.1 46.19 NOTE
r-devel-windows-ix86+x86_64 1.0.1 7.00 47.00 54.00 NOTE
r-patched-linux-x86_64 1.0.1 2.25 32.12 34.37 NOTE
r-patched-solaris-x86 1.0.1 69.40 NOTE
r-release-linux-x86_64 1.0.1 1.73 32.14 33.87 NOTE
r-release-windows-ix86+x86_64 1.0.1 5.00 60.00 65.00 NOTE
r-release-osx-x86_64 1.0.1 NOTE
r-oldrel-windows-ix86+x86_64 1.0.1 6.00 59.00 65.00 NOTE
r-oldrel-osx-x86_64 1.0.1 NOTE

Check Details

Version: 1.0.1
Check: DESCRIPTION meta-information
Result: NOTE
    Malformed Description field: should contain one or more complete sentences.
Flavors: r-devel-linux-x86_64-debian-clang, r-devel-linux-x86_64-debian-gcc, r-devel-linux-x86_64-fedora-clang, r-devel-linux-x86_64-fedora-gcc, r-devel-windows-ix86+x86_64, r-patched-linux-x86_64, r-patched-solaris-x86, r-release-linux-x86_64, r-release-windows-ix86+x86_64, r-release-osx-x86_64, r-oldrel-windows-ix86+x86_64, r-oldrel-osx-x86_64

Version: 1.0.1
Check: R code for possible problems
Result: NOTE
    get_ClinicalCodes: no visible global function definition for ‘read.csv’
    get_ClinicalCodes : <anonymous>: no visible global function definition
     for ‘read.csv’
    Undefined global functions or variables:
     read.csv
    Consider adding
     importFrom("utils", "read.csv")
    to your NAMESPACE file.
Flavors: r-devel-linux-x86_64-debian-clang, r-devel-linux-x86_64-debian-gcc, r-devel-linux-x86_64-fedora-clang, r-devel-linux-x86_64-fedora-gcc, r-devel-windows-ix86+x86_64, r-patched-linux-x86_64, r-patched-solaris-x86, r-release-linux-x86_64, r-release-windows-ix86+x86_64, r-release-osx-x86_64, r-oldrel-windows-ix86+x86_64, r-oldrel-osx-x86_64