CRAN Package Check Results for Package rClinicalCodes

Last updated on 2018-02-20 19:48:33 CET.

Flavor Version Tinstall Tcheck Ttotal Status Flags
r-devel-linux-x86_64-debian-clang 1.0.1 2.36 32.27 34.63 NOTE
r-devel-linux-x86_64-debian-gcc 1.0.1 1.94 25.54 27.48 NOTE
r-devel-linux-x86_64-fedora-clang 1.0.1 41.13 NOTE
r-devel-linux-x86_64-fedora-gcc 1.0.1 40.37 NOTE
r-devel-windows-ix86+x86_64 1.0.1 5.00 43.00 48.00 NOTE
r-patched-linux-x86_64 1.0.1 2.15 30.63 32.78 NOTE
r-patched-solaris-x86 1.0.1 61.10 NOTE
r-release-linux-x86_64 1.0.1 2.16 30.58 32.74 NOTE
r-release-windows-ix86+x86_64 1.0.1 8.00 44.00 52.00 NOTE
r-release-osx-x86_64 1.0.1 NOTE
r-oldrel-windows-ix86+x86_64 1.0.1 7.00 52.00 59.00 NOTE
r-oldrel-osx-x86_64 1.0.1 NOTE

Check Details

Version: 1.0.1
Check: DESCRIPTION meta-information
Result: NOTE
    Malformed Description field: should contain one or more complete sentences.
Flavors: r-devel-linux-x86_64-debian-clang, r-devel-linux-x86_64-debian-gcc, r-devel-linux-x86_64-fedora-clang, r-devel-linux-x86_64-fedora-gcc, r-devel-windows-ix86+x86_64, r-patched-linux-x86_64, r-patched-solaris-x86, r-release-linux-x86_64, r-release-windows-ix86+x86_64, r-release-osx-x86_64, r-oldrel-windows-ix86+x86_64, r-oldrel-osx-x86_64

Version: 1.0.1
Check: R code for possible problems
Result: NOTE
    get_ClinicalCodes: no visible global function definition for ‘read.csv’
    get_ClinicalCodes : <anonymous>: no visible global function definition
     for ‘read.csv’
    Undefined global functions or variables:
     read.csv
    Consider adding
     importFrom("utils", "read.csv")
    to your NAMESPACE file.
Flavors: r-devel-linux-x86_64-debian-clang, r-devel-linux-x86_64-debian-gcc, r-devel-linux-x86_64-fedora-clang, r-devel-linux-x86_64-fedora-gcc, r-devel-windows-ix86+x86_64, r-patched-linux-x86_64, r-patched-solaris-x86, r-release-linux-x86_64, r-release-windows-ix86+x86_64, r-release-osx-x86_64, r-oldrel-windows-ix86+x86_64, r-oldrel-osx-x86_64