CRAN Package Check Results for Package rClinicalCodes

Last updated on 2022-05-24 22:50:15 CEST.

Flavor Version Tinstall Tcheck Ttotal Status Flags
r-devel-linux-x86_64-debian-clang 1.0.1 3.89 54.06 57.95 NOTE
r-devel-linux-x86_64-debian-gcc 1.0.1 3.76 41.45 45.21 NOTE
r-devel-linux-x86_64-fedora-clang 1.0.1 69.66 NOTE
r-devel-linux-x86_64-fedora-gcc 1.0.1 58.33 NOTE
r-devel-windows-x86_64 1.0.1 19.00 72.00 91.00 NOTE
r-patched-linux-x86_64 1.0.1 3.79 50.98 54.77 NOTE
r-release-linux-x86_64 1.0.1 NOTE
r-release-macos-arm64 1.0.1 22.00 NOTE
r-release-macos-x86_64 1.0.1 30.00 NOTE
r-release-windows-x86_64 1.0.1 18.00 76.00 94.00 NOTE
r-oldrel-macos-arm64 1.0.1 27.00 NOTE
r-oldrel-macos-x86_64 1.0.1 38.00 NOTE
r-oldrel-windows-ix86+x86_64 1.0.1 11.00 63.00 74.00 NOTE

Check Details

Version: 1.0.1
Check: DESCRIPTION meta-information
Result: NOTE
    Malformed Description field: should contain one or more complete sentences.
Flavors: r-devel-linux-x86_64-debian-clang, r-devel-linux-x86_64-debian-gcc, r-devel-linux-x86_64-fedora-clang, r-devel-linux-x86_64-fedora-gcc, r-devel-windows-x86_64, r-patched-linux-x86_64, r-release-linux-x86_64, r-release-macos-arm64, r-release-macos-x86_64, r-release-windows-x86_64, r-oldrel-macos-arm64, r-oldrel-macos-x86_64, r-oldrel-windows-ix86+x86_64

Version: 1.0.1
Check: R code for possible problems
Result: NOTE
    get_ClinicalCodes: no visible global function definition for 'read.csv'
    get_ClinicalCodes : <anonymous>: no visible global function definition
     for 'read.csv'
    Undefined global functions or variables:
     read.csv
    Consider adding
     importFrom("utils", "read.csv")
    to your NAMESPACE file.
Flavors: r-devel-linux-x86_64-debian-clang, r-devel-linux-x86_64-debian-gcc, r-devel-linux-x86_64-fedora-clang, r-devel-linux-x86_64-fedora-gcc, r-devel-windows-x86_64, r-patched-linux-x86_64, r-release-linux-x86_64, r-release-macos-arm64, r-release-macos-x86_64, r-release-windows-x86_64, r-oldrel-macos-arm64, r-oldrel-macos-x86_64, r-oldrel-windows-ix86+x86_64

Version: 1.0.1
Check: LazyData
Result: NOTE
     'LazyData' is specified without a 'data' directory
Flavors: r-devel-linux-x86_64-debian-clang, r-devel-linux-x86_64-debian-gcc, r-devel-linux-x86_64-fedora-clang, r-devel-linux-x86_64-fedora-gcc, r-devel-windows-x86_64, r-patched-linux-x86_64, r-release-linux-x86_64, r-release-macos-arm64, r-release-macos-x86_64, r-release-windows-x86_64, r-oldrel-macos-arm64, r-oldrel-macos-x86_64, r-oldrel-windows-ix86+x86_64