CRAN Package Check Results for Package rDNAse

Last updated on 2019-05-27 09:50:31 CEST.

Flavor Version Tinstall Tcheck Ttotal Status Flags
r-devel-linux-x86_64-debian-clang 1.1-1 3.05 35.11 38.16 OK
r-devel-linux-x86_64-debian-gcc 1.1-1 2.47 28.19 30.66 OK
r-devel-linux-x86_64-fedora-clang 1.1-1 46.52 OK
r-devel-linux-x86_64-fedora-gcc 1.1-1 44.63 OK
r-devel-windows-ix86+x86_64 1.1-1 9.00 72.00 81.00 OK
r-patched-linux-x86_64 1.1-1 OK
r-patched-solaris-x86 1.1-1 69.40 OK
r-release-linux-x86_64 1.1-1 2.44 34.79 37.23 OK
r-release-windows-ix86+x86_64 1.1-1 10.00 55.00 65.00 OK
r-release-osx-x86_64 1.1-1 NOTE
r-oldrel-windows-ix86+x86_64 1.1-1 9.00 52.00 61.00 OK
r-oldrel-osx-x86_64 1.1-1 OK

Check Details

Version: 1.1-1
Check: package dependencies
Result: NOTE
    Packages suggested but not available for checking:
     'Biostrings', 'GOSemSim', 'org.Hs.eg.db'
Flavor: r-release-osx-x86_64