CRAN Package Check Results for Package rDNAse

Last updated on 2018-12-15 06:47:05 CET.

Flavor Version Tinstall Tcheck Ttotal Status Flags
r-devel-linux-x86_64-debian-clang 1.1-1 2.17 35.40 37.57 OK
r-devel-linux-x86_64-debian-gcc 1.1-1 1.55 27.88 29.43 OK
r-devel-linux-x86_64-fedora-clang 1.1-1 45.22 OK
r-devel-linux-x86_64-fedora-gcc 1.1-1 43.98 OK
r-devel-windows-ix86+x86_64 1.1-1 11.00 67.00 78.00 OK
r-patched-linux-x86_64 1.1-1 2.39 33.43 35.82 OK
r-patched-solaris-x86 1.1-1 63.10 OK
r-release-linux-x86_64 1.1-1 1.75 33.89 35.64 OK
r-release-windows-ix86+x86_64 1.1-1 7.00 77.00 84.00 OK
r-release-osx-x86_64 1.1-1 OK
r-oldrel-windows-ix86+x86_64 1.1-1 6.00 71.00 77.00 OK
r-oldrel-osx-x86_64 1.1-1 NOTE

Check Details

Version: 1.1-1
Check: package dependencies
Result: NOTE
    Packages suggested but not available for checking:
     ‘Biostrings’ ‘GOSemSim’ ‘org.Hs.eg.db’
Flavor: r-oldrel-osx-x86_64

Version: 1.1-1
Check: re-building of vignette outputs
Result: NOTE
    Error in re-building vignettes:
     ...
    Loading required package: rDNAse
    Error in texi2dvi(file = file, pdf = TRUE, clean = clean, quiet = quiet, :
     Running 'texi2dvi' on 'rDNAse.tex' failed.
    LaTeX errors:
    ! LaTeX Error: File `tablefootnote.sty' not found.
    
    Type X to quit or <RETURN> to proceed,
    or enter new name. (Default extension: sty)
    
    ! Emergency stop.
    <read *>
    
    l.6 \usepackage
     [utf8]{inputenc}^^M
    ! ==> Fatal error occurred, no output PDF file produced!
    Calls: buildVignettes -> texi2pdf -> texi2dvi
    Execution halted
Flavor: r-oldrel-osx-x86_64