CRAN Package Check Results for Package rDataPipeline

Last updated on 2024-02-25 15:51:34 CET.

Flavor Version Tinstall Tcheck Ttotal Status Flags
r-devel-linux-x86_64-debian-clang 0.54.1 12.68 80.66 93.34 NOTE
r-devel-linux-x86_64-debian-gcc 0.54.1 8.91 59.82 68.73 NOTE
r-devel-linux-x86_64-fedora-clang 0.54.1 120.26 NOTE
r-devel-linux-x86_64-fedora-gcc 0.54.1 111.03 NOTE
r-devel-windows-x86_64 0.54.1 11.00 87.00 98.00 NOTE
r-patched-linux-x86_64 0.54.1 12.54 77.65 90.19 NOTE
r-release-linux-x86_64 0.54.1 9.61 76.65 86.26 NOTE
r-release-macos-arm64 0.54.1 16.00 ERROR
r-release-macos-x86_64 0.54.1 9.00 ERROR
r-release-windows-x86_64 0.54.1 16.00 98.00 114.00 NOTE
r-oldrel-macos-arm64 0.54.1 35.00 OK
r-oldrel-windows-x86_64 0.54.1 14.00 96.00 110.00 OK

Check Details

Version: 0.54.1
Check: package subdirectories
Result: NOTE Problems with news in ‘NEWS.md’: No news entries found. Flavors: r-devel-linux-x86_64-debian-clang, r-devel-linux-x86_64-debian-gcc, r-devel-linux-x86_64-fedora-clang, r-devel-linux-x86_64-fedora-gcc, r-devel-windows-x86_64, r-patched-linux-x86_64, r-release-linux-x86_64, r-release-windows-x86_64

Version: 0.54.1
Check: package dependencies
Result: ERROR Package required but not available: ‘rhdf5’ See section ‘The DESCRIPTION file’ in the ‘Writing R Extensions’ manual. Flavors: r-release-macos-arm64, r-release-macos-x86_64