Last updated on 2022-08-12 03:53:36 CEST.
Flavor | Version | Tinstall | Tcheck | Ttotal | Status | Flags |
---|---|---|---|---|---|---|
r-devel-linux-x86_64-debian-clang | 1.13.1 | 194.67 | 105.50 | 300.17 | OK | |
r-devel-linux-x86_64-debian-gcc | 1.13.1 | 165.06 | 74.46 | 239.52 | OK | |
r-devel-linux-x86_64-fedora-clang | 1.13.1 | 431.83 | OK | |||
r-devel-linux-x86_64-fedora-gcc | 1.13.1 | 416.70 | OK | |||
r-devel-windows-x86_64 | 1.13.1 | 154.00 | 312.00 | 466.00 | OK | |
r-patched-linux-x86_64 | 1.13.1 | 180.33 | 100.67 | 281.00 | OK | |
r-release-linux-x86_64 | 1.13.1 | 177.15 | 91.77 | 268.92 | OK | |
r-release-macos-arm64 | 1.13.0 | 116.00 | NOTE | |||
r-release-macos-x86_64 | 1.13.1 | 140.00 | NOTE | |||
r-release-windows-x86_64 | 1.13.1 | 146.00 | 267.00 | 413.00 | OK | |
r-oldrel-macos-arm64 | 1.13.0 | 110.00 | NOTE | |||
r-oldrel-macos-x86_64 | 1.13.1 | 141.00 | NOTE | |||
r-oldrel-windows-ix86+x86_64 | 1.13.1 | 311.00 | 253.00 | 564.00 | NOTE |
Version: 1.13.0
Check: installed package size
Result: NOTE
installed size is 11.8Mb
sub-directories of 1Mb or more:
libs 10.9Mb
Flavors: r-release-macos-arm64, r-oldrel-macos-arm64
Version: 1.13.1
Check: installed package size
Result: NOTE
installed size is 10.5Mb
sub-directories of 1Mb or more:
libs 9.6Mb
Flavors: r-release-macos-x86_64, r-oldrel-macos-x86_64, r-oldrel-windows-ix86+x86_64