CRAN Package Check Results for Package rEMM

Last updated on 2018-11-19 07:47:40 CET.

Flavor Version Tinstall Tcheck Ttotal Status Flags
r-devel-linux-x86_64-debian-clang OK
r-devel-linux-x86_64-debian-gcc 1.0-11 4.15 48.08 52.23 OK
r-devel-linux-x86_64-fedora-clang 1.0-11 77.20 NOTE
r-devel-linux-x86_64-fedora-gcc 1.0-11 76.08 NOTE
r-devel-windows-ix86+x86_64 1.0-11 12.00 96.00 108.00 OK
r-patched-linux-x86_64 1.0-11 4.17 58.02 62.19 OK
r-patched-solaris-x86 1.0-11 108.00 OK
r-release-linux-x86_64 1.0-11 4.33 57.45 61.78 OK
r-release-windows-ix86+x86_64 1.0-11 16.00 106.00 122.00 OK
r-release-osx-x86_64 1.0-11 OK
r-oldrel-windows-ix86+x86_64 1.0-11 12.00 170.00 182.00 OK
r-oldrel-osx-x86_64 1.0-11 NOTE

Check Details

Version: 1.0-11
Check: compiled code
Result: NOTE
    File ‘rEMM/libs/rEMM.so’:
     Found no calls to: ‘R_registerRoutines’, ‘R_useDynamicSymbols’
    
    It is good practice to register native routines and to disable symbol
    search.
    
    See ‘Writing portable packages’ in the ‘Writing R Extensions’ manual.
Flavors: r-devel-linux-x86_64-fedora-clang, r-devel-linux-x86_64-fedora-gcc

Version: 1.0-11
Check: package dependencies
Result: NOTE
    Packages suggested but not available for checking: ‘graph’ ‘Rgraphviz’
Flavor: r-oldrel-osx-x86_64