CRAN Package Check Results for Package rEMM

Last updated on 2018-02-18 08:48:09 CET.

Flavor Version Tinstall Tcheck Ttotal Status Flags
r-devel-linux-x86_64-debian-clang 1.0-11 5.06 58.28 63.34 NOTE
r-devel-linux-x86_64-debian-gcc 1.0-11 3.66 45.37 49.03 NOTE
r-devel-linux-x86_64-fedora-clang 1.0-11 75.80 NOTE
r-devel-linux-x86_64-fedora-gcc 1.0-11 74.71 NOTE
r-devel-windows-ix86+x86_64 1.0-11 11.00 94.00 105.00 OK
r-patched-linux-x86_64 1.0-11 2.43 69.71 72.14 NOTE
r-patched-solaris-x86 1.0-11 111.90 OK
r-release-linux-x86_64 1.0-11 2.16 69.11 71.27 NOTE
r-release-windows-ix86+x86_64 1.0-11 12.00 165.00 177.00 OK
r-release-osx-x86_64 1.0-11 NOTE
r-oldrel-windows-ix86+x86_64 1.0-11 9.00 133.00 142.00 OK
r-oldrel-osx-x86_64 1.0-11 OK

Check Details

Version: 1.0-11
Check: compiled code
Result: NOTE
    File ‘rEMM/libs/rEMM.so’:
     Found no calls to: ‘R_registerRoutines’, ‘R_useDynamicSymbols’
    
    It is good practice to register native routines and to disable symbol
    search.
    
    See ‘Writing portable packages’ in the ‘Writing R Extensions’ manual.
Flavors: r-devel-linux-x86_64-debian-clang, r-devel-linux-x86_64-debian-gcc, r-devel-linux-x86_64-fedora-clang, r-devel-linux-x86_64-fedora-gcc, r-patched-linux-x86_64, r-release-linux-x86_64

Version: 1.0-11
Check: package dependencies
Result: NOTE
    Packages suggested but not available for checking: ‘graph’ ‘Rgraphviz’
Flavor: r-release-osx-x86_64