CRAN Package Check Results for Package rEMM

Last updated on 2018-05-25 11:47:24 CEST.

Flavor Version Tinstall Tcheck Ttotal Status Flags
r-devel-linux-x86_64-debian-clang 1.0-11 5.52 55.08 60.60 NOTE
r-devel-linux-x86_64-debian-gcc 1.0-11 3.94 46.89 50.83 NOTE
r-devel-linux-x86_64-fedora-clang 1.0-11 79.52 NOTE
r-devel-linux-x86_64-fedora-gcc 1.0-11 77.21 NOTE
r-devel-windows-ix86+x86_64 1.0-11 9.00 132.00 141.00 OK
r-patched-linux-x86_64 1.0-11 4.99 58.26 63.25 NOTE
r-patched-solaris-x86 1.0-11 106.80 OK
r-release-linux-x86_64 1.0-11 3.88 57.92 61.80 NOTE
r-release-windows-ix86+x86_64 1.0-11 17.00 99.00 116.00 OK
r-release-osx-x86_64 1.0-11 OK
r-oldrel-windows-ix86+x86_64 1.0-11 11.00 119.00 130.00 OK
r-oldrel-osx-x86_64 1.0-11 NOTE

Check Details

Version: 1.0-11
Check: compiled code
Result: NOTE
    File ‘rEMM/libs/rEMM.so’:
     Found no calls to: ‘R_registerRoutines’, ‘R_useDynamicSymbols’
    
    It is good practice to register native routines and to disable symbol
    search.
    
    See ‘Writing portable packages’ in the ‘Writing R Extensions’ manual.
Flavors: r-devel-linux-x86_64-debian-clang, r-devel-linux-x86_64-debian-gcc, r-devel-linux-x86_64-fedora-clang, r-devel-linux-x86_64-fedora-gcc, r-patched-linux-x86_64, r-release-linux-x86_64

Version: 1.0-11
Check: package dependencies
Result: NOTE
    Packages suggested but not available for checking: ‘graph’ ‘Rgraphviz’
Flavor: r-oldrel-osx-x86_64