CRAN Package Check Results for Package rEMM

Last updated on 2018-08-19 02:48:00 CEST.

Flavor Version Tinstall Tcheck Ttotal Status Flags
r-devel-linux-x86_64-debian-clang 1.0-11 4.46 59.47 63.93 NOTE
r-devel-linux-x86_64-debian-gcc 1.0-11 2.87 48.28 51.15 NOTE
r-devel-linux-x86_64-fedora-clang 1.0-11 78.81 NOTE
r-devel-linux-x86_64-fedora-gcc 1.0-11 77.85 NOTE
r-devel-windows-ix86+x86_64 1.0-11 15.00 133.00 148.00 OK
r-patched-linux-x86_64 1.0-11 4.57 58.17 62.74 NOTE
r-patched-solaris-x86 1.0-11 109.10 OK
r-release-linux-x86_64 1.0-11 4.91 57.54 62.45 NOTE
r-release-windows-ix86+x86_64 1.0-11 14.00 97.00 111.00 OK
r-release-osx-x86_64 1.0-11 OK
r-oldrel-windows-ix86+x86_64 1.0-11 8.00 123.00 131.00 OK
r-oldrel-osx-x86_64 1.0-11 NOTE

Check Details

Version: 1.0-11
Check: compiled code
Result: NOTE
    File ‘rEMM/libs/rEMM.so’:
     Found no calls to: ‘R_registerRoutines’, ‘R_useDynamicSymbols’
    
    It is good practice to register native routines and to disable symbol
    search.
    
    See ‘Writing portable packages’ in the ‘Writing R Extensions’ manual.
Flavors: r-devel-linux-x86_64-debian-clang, r-devel-linux-x86_64-debian-gcc, r-devel-linux-x86_64-fedora-clang, r-devel-linux-x86_64-fedora-gcc, r-patched-linux-x86_64, r-release-linux-x86_64

Version: 1.0-11
Check: package dependencies
Result: NOTE
    Packages suggested but not available for checking: ‘graph’ ‘Rgraphviz’
Flavor: r-oldrel-osx-x86_64