CRAN Package Check Results for Package rENA

Last updated on 2021-03-09 06:51:06 CET.

Flavor Version Tinstall Tcheck Ttotal Status Flags
r-devel-linux-x86_64-debian-clang 0.2.1.2 46.25 140.94 187.19 OK
r-devel-linux-x86_64-debian-gcc 0.2.1.2 32.86 103.19 136.05 OK
r-devel-linux-x86_64-fedora-clang 0.2.1.2 221.48 NOTE
r-devel-linux-x86_64-fedora-gcc 0.2.1.2 203.80 OK
r-devel-windows-ix86+x86_64 0.2.1.2 105.00 197.00 302.00 NOTE
r-devel-windows-x86_64-gcc10-UCRT 0.2.1.2 OK
r-patched-linux-x86_64 0.2.1.2 38.33 126.87 165.20 OK
r-patched-solaris-x86 0.2.1.2 223.60 WARN
r-release-linux-x86_64 0.2.1.2 35.80 126.98 162.78 OK
r-release-macos-x86_64 0.2.1.2 WARN
r-release-windows-ix86+x86_64 0.2.1.2 77.00 217.00 294.00 NOTE
r-oldrel-macos-x86_64 0.2.1.2 WARN
r-oldrel-windows-ix86+x86_64 0.2.1.2 70.00 148.00 218.00 NOTE

Check Details

Version: 0.2.1.2
Check: installed package size
Result: NOTE
     installed size is 10.5Mb
     sub-directories of 1Mb or more:
     doc 7.0Mb
     libs 2.7Mb
Flavors: r-devel-linux-x86_64-fedora-clang, r-devel-windows-ix86+x86_64, r-patched-solaris-x86, r-release-macos-x86_64, r-release-windows-ix86+x86_64, r-oldrel-macos-x86_64, r-oldrel-windows-ix86+x86_64

Version: 0.2.1.2
Check: re-building of vignette outputs
Result: WARN
    Error(s) in re-building vignettes:
     ...
    --- re-building ‘getting-started.Rmd’ using rmarkdown
    Warning in engine$weave(file, quiet = quiet, encoding = enc) :
     Pandoc (>= 1.12.3) and/or pandoc-citeproc not available. Falling back to R Markdown v1.
    
    Attaching package: 'rENA'
    
    The following object is masked from 'package:methods':
    
     show
    
    Loading required package: ggplot2
    
    Attaching package: 'plotly'
    
    The following object is masked from 'package:ggplot2':
    
     last_plot
    
    The following object is masked from 'package:stats':
    
     filter
    
    The following object is masked from 'package:graphics':
    
     layout
    
    Quitting from lines 107-117 (getting-started.Rmd)
    Error: processing vignette 'getting-started.Rmd' failed with diagnostics:
    invalid 'path' argument
    --- failed re-building ‘getting-started.Rmd’
    
    --- re-building ‘means-rotation.Rmd’ using rmarkdown
    Warning in engine$weave(file, quiet = quiet, encoding = enc) :
     Pandoc (>= 1.12.3) and/or pandoc-citeproc not available. Falling back to R Markdown v1.
    Loading required package: ggplot2
    
    Attaching package: 'plotly'
    
    The following object is masked from 'package:ggplot2':
    
     last_plot
    
    The following object is masked from 'package:stats':
    
     filter
    
    The following object is masked from 'package:graphics':
    
     layout
    
    
    Attaching package: 'rENA'
    
    The following object is masked from 'package:methods':
    
     show
    
    --- finished re-building ‘means-rotation.Rmd’
    
    SUMMARY: processing the following file failed:
     ‘getting-started.Rmd’
    
    Error: Vignette re-building failed.
    Execution halted
Flavor: r-patched-solaris-x86

Version: 0.2.1.2
Check: re-building of vignette outputs
Result: WARN
    Error(s) in re-building vignettes:
    --- re-building ‘getting-started.Rmd’ using rmarkdown
    Warning in engine$weave(file, quiet = quiet, encoding = enc) :
     Pandoc (>= 1.12.3) and/or pandoc-citeproc not available. Falling back to R Markdown v1.
    
    Attaching package: 'rENA'
    
    The following object is masked from 'package:methods':
    
     show
    
    Loading required package: ggplot2
    
    Attaching package: 'plotly'
    
    The following object is masked from 'package:ggplot2':
    
     last_plot
    
    The following object is masked from 'package:stats':
    
     filter
    
    The following object is masked from 'package:graphics':
    
     layout
    
    Quitting from lines 107-117 (getting-started.Rmd)
    Error: processing vignette 'getting-started.Rmd' failed with diagnostics:
    cannot open the connection
    --- failed re-building ‘getting-started.Rmd’
    
    --- re-building ‘means-rotation.Rmd’ using rmarkdown
    Warning in engine$weave(file, quiet = quiet, encoding = enc) :
     Pandoc (>= 1.12.3) and/or pandoc-citeproc not available. Falling back to R Markdown v1.
    Loading required package: ggplot2
    
    Attaching package: 'plotly'
    
    The following object is masked from 'package:ggplot2':
    
     last_plot
    
    The following object is masked from 'package:stats':
    
     filter
    
    The following object is masked from 'package:graphics':
    
     layout
    
    
    Attaching package: 'rENA'
    
    The following object is masked from 'package:methods':
    
     show
    
    --- finished re-building ‘means-rotation.Rmd’
    
    SUMMARY: processing the following file failed:
     ‘getting-started.Rmd’
    
    Error: Vignette re-building failed.
    Execution halted
Flavors: r-release-macos-x86_64, r-oldrel-macos-x86_64