CRAN Package Check Results for Package rFDSN

Last updated on 2019-02-21 21:48:50 CET.

Flavor Version Tinstall Tcheck Ttotal Status Flags
r-devel-linux-x86_64-debian-clang 0.0.0 2.03 25.33 27.36 NOTE
r-devel-linux-x86_64-debian-gcc 0.0.0 1.58 20.45 22.03 NOTE
r-devel-linux-x86_64-fedora-clang 0.0.0 33.48 NOTE
r-devel-linux-x86_64-fedora-gcc 0.0.0 31.80 NOTE
r-devel-windows-ix86+x86_64 0.0.0 5.00 38.00 43.00 NOTE
r-patched-linux-x86_64 0.0.0 1.69 23.76 25.45 NOTE
r-patched-solaris-x86 0.0.0 50.50 NOTE
r-release-linux-x86_64 0.0.0 NOTE
r-release-windows-ix86+x86_64 0.0.0 5.00 31.00 36.00 NOTE
r-release-osx-x86_64 0.0.0 NOTE
r-oldrel-windows-ix86+x86_64 0.0.0 4.00 49.00 53.00 NOTE
r-oldrel-osx-x86_64 0.0.0 NOTE

Check Details

Version: 0.0.0
Check: R code for possible problems
Result: NOTE
    FDSNGetTimeSeries: no visible global function definition for
     ‘download.file’
    Undefined global functions or variables:
     download.file
    Consider adding
     importFrom("utils", "download.file")
    to your NAMESPACE file.
Flavors: r-devel-linux-x86_64-debian-clang, r-devel-linux-x86_64-debian-gcc, r-devel-linux-x86_64-fedora-clang, r-devel-linux-x86_64-fedora-gcc, r-devel-windows-ix86+x86_64, r-patched-linux-x86_64, r-patched-solaris-x86, r-release-linux-x86_64, r-release-windows-ix86+x86_64, r-release-osx-x86_64, r-oldrel-windows-ix86+x86_64, r-oldrel-osx-x86_64