CRAN Package Check Results for Package rFDSN

Last updated on 2019-08-18 06:47:09 CEST.

Flavor Version Tinstall Tcheck Ttotal Status Flags
r-devel-linux-x86_64-debian-clang 0.0.0 2.79 25.28 28.07 NOTE
r-devel-linux-x86_64-debian-gcc 0.0.0 2.42 20.60 23.02 NOTE
r-devel-linux-x86_64-fedora-clang 0.0.0 34.39 NOTE
r-devel-linux-x86_64-fedora-gcc 0.0.0 35.57 NOTE
r-devel-windows-ix86+x86_64 0.0.0 10.00 43.00 53.00 NOTE
r-patched-linux-x86_64 0.0.0 2.18 25.01 27.19 NOTE
r-patched-solaris-x86 0.0.0 56.70 NOTE
r-release-linux-x86_64 0.0.0 2.29 25.26 27.55 NOTE
r-release-windows-ix86+x86_64 0.0.0 11.00 49.00 60.00 NOTE
r-release-osx-x86_64 0.0.0 NOTE
r-oldrel-windows-ix86+x86_64 0.0.0 3.00 54.00 57.00 NOTE
r-oldrel-osx-x86_64 0.0.0 NOTE

Check Details

Version: 0.0.0
Check: R code for possible problems
Result: NOTE
    FDSNGetTimeSeries: no visible global function definition for
     'download.file'
    Undefined global functions or variables:
     download.file
    Consider adding
     importFrom("utils", "download.file")
    to your NAMESPACE file.
Flavors: r-devel-linux-x86_64-debian-clang, r-devel-linux-x86_64-debian-gcc, r-devel-linux-x86_64-fedora-clang, r-devel-linux-x86_64-fedora-gcc, r-devel-windows-ix86+x86_64, r-patched-linux-x86_64, r-patched-solaris-x86, r-release-linux-x86_64, r-release-windows-ix86+x86_64, r-release-osx-x86_64, r-oldrel-windows-ix86+x86_64, r-oldrel-osx-x86_64