CRAN Package Check Results for Package rFIA

Last updated on 2022-08-17 01:52:19 CEST.

Flavor Version Tinstall Tcheck Ttotal Status Flags
r-devel-linux-x86_64-debian-clang 1.0.0 28.18 188.04 216.22 OK
r-devel-linux-x86_64-debian-gcc 1.0.0 17.27 136.69 153.96 OK
r-devel-linux-x86_64-fedora-clang 1.0.0 254.14 OK
r-devel-linux-x86_64-fedora-gcc 1.0.0 245.15 OK
r-devel-windows-x86_64 1.0.0 44.00 189.00 233.00 OK
r-patched-linux-x86_64 1.0.0 24.10 171.43 195.53 OK
r-release-linux-x86_64 1.0.0 21.14 167.22 188.36 OK
r-release-macos-arm64 1.0.0 50.00 OK
r-release-macos-x86_64 1.0.0 100.00 NOTE
r-release-windows-x86_64 1.0.0 29.00 202.00 231.00 OK
r-oldrel-macos-arm64 1.0.0 48.00 OK
r-oldrel-macos-x86_64 1.0.0 76.00 OK
r-oldrel-windows-ix86+x86_64 1.0.0 48.00 193.00 241.00 OK

Check Details

Version: 1.0.0
Check: package dependencies
Result: NOTE
    Package suggested but not available for checking: ‘R2jags’
Flavor: r-release-macos-x86_64