CRAN Package Check Results for Package rFIA

Last updated on 2021-01-25 00:48:08 CET.

Flavor Version Tinstall Tcheck Ttotal Status Flags
r-devel-linux-x86_64-debian-clang 0.3.1 31.00 172.31 203.31 OK
r-devel-linux-x86_64-debian-gcc 0.3.1 26.39 123.21 149.60 OK
r-devel-linux-x86_64-fedora-clang 0.3.1 248.02 NOTE
r-devel-linux-x86_64-fedora-gcc 0.3.1 235.28 NOTE
r-devel-windows-ix86+x86_64 0.3.1 56.00 199.00 255.00 OK
r-patched-linux-x86_64 0.3.1 29.74 153.64 183.38 OK
r-patched-solaris-x86 0.3.1 271.50 NOTE
r-release-linux-x86_64 0.3.1 29.18 156.70 185.88 OK
r-release-macos-x86_64 0.3.1 NOTE
r-release-windows-ix86+x86_64 0.3.1 53.00 170.00 223.00 OK
r-oldrel-macos-x86_64 0.3.1 NOTE
r-oldrel-windows-ix86+x86_64 0.3.1 42.00 215.00 257.00 OK

Check Details

Version: 0.3.1
Check: dependencies in R code
Result: NOTE
    Namespace in Imports field not imported from: ‘lifecycle’
     All declared Imports should be used.
Flavors: r-devel-linux-x86_64-fedora-clang, r-devel-linux-x86_64-fedora-gcc, r-patched-solaris-x86, r-release-macos-x86_64, r-oldrel-macos-x86_64