CRAN Package Check Results for Package rGammaGamma

Last updated on 2019-09-20 05:47:04 CEST.

Flavor Version Tinstall Tcheck Ttotal Status Flags
r-devel-linux-x86_64-debian-clang 1.0.12 1.84 17.55 19.39 NOTE
r-devel-linux-x86_64-debian-gcc 1.0.12 1.53 14.19 15.72 NOTE
r-devel-linux-x86_64-fedora-clang 1.0.12 24.42 NOTE
r-devel-linux-x86_64-fedora-gcc 1.0.12 24.07 NOTE
r-devel-windows-ix86+x86_64 1.0.12 8.00 33.00 41.00 NOTE
r-patched-linux-x86_64 1.0.12 1.61 17.66 19.27 NOTE
r-patched-solaris-x86 1.0.12 39.00 NOTE
r-release-linux-x86_64 1.0.12 1.60 17.33 18.93 NOTE
r-release-windows-ix86+x86_64 1.0.12 4.00 40.00 44.00 NOTE
r-release-osx-x86_64 1.0.12 NOTE
r-oldrel-windows-ix86+x86_64 1.0.12 2.00 28.00 30.00 NOTE
r-oldrel-osx-x86_64 1.0.12 NOTE

Check Details

Version: 1.0.12
Check: DESCRIPTION meta-information
Result: NOTE
    Malformed Title field: should not end in a period.
Flavors: r-devel-linux-x86_64-debian-clang, r-devel-linux-x86_64-debian-gcc, r-devel-linux-x86_64-fedora-clang, r-devel-linux-x86_64-fedora-gcc, r-devel-windows-ix86+x86_64, r-patched-linux-x86_64, r-patched-solaris-x86, r-release-linux-x86_64, r-release-windows-ix86+x86_64, r-release-osx-x86_64, r-oldrel-windows-ix86+x86_64, r-oldrel-osx-x86_64

Version: 1.0.12
Check: dependencies in R code
Result: NOTE
    Package in Depends field not imported from: 'gsl'
     These packages need to be imported from (in the NAMESPACE file)
     for when this namespace is loaded but not attached.
Flavors: r-devel-linux-x86_64-debian-clang, r-devel-linux-x86_64-debian-gcc, r-devel-linux-x86_64-fedora-clang, r-devel-linux-x86_64-fedora-gcc, r-devel-windows-ix86+x86_64, r-patched-linux-x86_64, r-patched-solaris-x86, r-release-linux-x86_64, r-release-windows-ix86+x86_64, r-release-osx-x86_64, r-oldrel-windows-ix86+x86_64, r-oldrel-osx-x86_64

Version: 1.0.12
Check: R code for possible problems
Result: NOTE
    gammaIntegral: no visible global function definition for 'integrate'
    gammaIntegral : <anonymous>: no visible global function definition for
     'hyperg_1F1'
    gammaMLE: no visible global function definition for 'weighted.mean'
    gammaMME: no visible binding for global variable 'sd'
    gammaMME: no visible binding for global variable 'var'
    Undefined global functions or variables:
     hyperg_1F1 integrate sd var weighted.mean
    Consider adding
     importFrom("stats", "integrate", "sd", "var", "weighted.mean")
    to your NAMESPACE file.
Flavors: r-devel-linux-x86_64-debian-clang, r-devel-linux-x86_64-debian-gcc, r-devel-linux-x86_64-fedora-clang, r-devel-linux-x86_64-fedora-gcc, r-devel-windows-ix86+x86_64, r-patched-linux-x86_64, r-patched-solaris-x86, r-release-linux-x86_64, r-release-windows-ix86+x86_64, r-release-osx-x86_64, r-oldrel-windows-ix86+x86_64, r-oldrel-osx-x86_64