CRAN Package Check Results for Package rGroovy

Last updated on 2021-06-24 00:48:56 CEST.

Flavor Version Tinstall Tcheck Ttotal Status Flags
r-devel-linux-x86_64-debian-clang 1.3 3.47 36.83 40.30 OK
r-devel-linux-x86_64-debian-gcc 1.3 2.54 28.50 31.04 OK
r-devel-linux-x86_64-fedora-clang 1.3 59.69 OK
r-devel-linux-x86_64-fedora-gcc 1.3 50.21 OK
r-devel-windows-x86_64 1.3 6.00 52.00 58.00 OK
r-devel-windows-x86_64-gcc10-UCRT 1.3 OK
r-patched-linux-x86_64 1.3 2.91 35.97 38.88 OK
r-patched-solaris-x86 1.3 75.10 OK
r-release-linux-x86_64 1.3 3.46 35.82 39.28 OK
r-release-macos-arm64 1.3 ERROR
r-release-macos-x86_64 1.3 OK
r-release-windows-ix86+x86_64 1.3 10.00 45.00 55.00 OK
r-oldrel-macos-x86_64 1.3 OK

Check Details

Version: 1.3
Check: whether package can be installed
Result: ERROR
    Installation failed.
Flavor: r-release-macos-arm64