CRAN Package Check Results for Package rHealthDataGov

Last updated on 2020-01-27 04:48:21 CET.

Flavor Version Tinstall Tcheck Ttotal Status Flags
r-devel-linux-x86_64-debian-clang 1.0.1 2.91 24.55 27.46 NOTE
r-devel-linux-x86_64-debian-gcc 1.0.1 2.52 19.92 22.44 NOTE
r-devel-linux-x86_64-fedora-clang 1.0.1 34.30 NOTE
r-devel-linux-x86_64-fedora-gcc 1.0.1 34.10 NOTE
r-devel-windows-ix86+x86_64 1.0.1 8.00 55.00 63.00 NOTE
r-devel-windows-ix86+x86_64-gcc8 1.0.1 12.00 45.00 57.00 NOTE
r-patched-linux-x86_64 1.0.1 2.49 22.62 25.11 NOTE
r-patched-solaris-x86 1.0.1 51.30 NOTE
r-release-linux-x86_64 1.0.1 2.57 23.28 25.85 NOTE
r-release-windows-ix86+x86_64 1.0.1 5.00 37.00 42.00 NOTE
r-release-osx-x86_64 1.0.1 NOTE
r-oldrel-windows-ix86+x86_64 1.0.1 3.00 37.00 40.00 NOTE
r-oldrel-osx-x86_64 1.0.1 NOTE

Check Details

Version: 1.0.1
Check: R code for possible problems
Result: NOTE
    .quick_fetch: no visible global function definition for 'POST'
    .quick_fetch: no visible global function definition for 'add_headers'
    .quick_fetch: no visible global function definition for
     'stop_for_status'
    .quick_fetch: no visible global function definition for 'content'
    fetch_healthdata: no visible binding for global variable 'resources'
    fetch_healthdata : <anonymous>: no visible binding for global variable
     'filters'
    Undefined global functions or variables:
     POST add_headers content filters resources stop_for_status
Flavors: r-devel-linux-x86_64-debian-clang, r-devel-linux-x86_64-debian-gcc, r-devel-linux-x86_64-fedora-clang, r-devel-linux-x86_64-fedora-gcc, r-devel-windows-ix86+x86_64, r-devel-windows-ix86+x86_64-gcc8, r-patched-linux-x86_64, r-patched-solaris-x86, r-release-linux-x86_64, r-release-windows-ix86+x86_64, r-release-osx-x86_64, r-oldrel-windows-ix86+x86_64, r-oldrel-osx-x86_64