CRAN Package Check Results for Package rIsing

Last updated on 2018-08-17 00:50:01 CEST.

Flavor Version Tinstall Tcheck Ttotal Status Flags
r-devel-linux-x86_64-debian-clang 0.1.0 32.72 27.60 60.32 NOTE
r-devel-linux-x86_64-debian-gcc 0.1.0 29.50 22.62 52.12 NOTE
r-devel-linux-x86_64-fedora-clang 0.1.0 76.58 NOTE
r-devel-linux-x86_64-fedora-gcc 0.1.0 76.97 NOTE
r-devel-windows-ix86+x86_64 0.1.0 68.00 75.00 143.00 OK
r-patched-linux-x86_64 0.1.0 34.23 24.42 58.65 NOTE
r-patched-solaris-x86 0.1.0 77.70 OK
r-release-linux-x86_64 0.1.0 34.00 24.33 58.33 NOTE
r-release-windows-ix86+x86_64 0.1.0 67.00 68.00 135.00 OK
r-release-osx-x86_64 0.1.0 NOTE
r-oldrel-windows-ix86+x86_64 0.1.0 69.00 57.00 126.00 OK
r-oldrel-osx-x86_64 0.1.0 NOTE

Check Details

Version: 0.1.0
Check: compiled code
Result: NOTE
    File ‘rIsing/libs/rIsing.so’:
     Found no calls to: ‘R_registerRoutines’, ‘R_useDynamicSymbols’
    
    It is good practice to register native routines and to disable symbol
    search.
    
    See ‘Writing portable packages’ in the ‘Writing R Extensions’ manual.
Flavors: r-devel-linux-x86_64-debian-clang, r-devel-linux-x86_64-debian-gcc, r-devel-linux-x86_64-fedora-clang, r-devel-linux-x86_64-fedora-gcc, r-patched-linux-x86_64, r-release-linux-x86_64

Version: 0.1.0
Check: installed package size
Result: NOTE
     installed size is 12.7Mb
     sub-directories of 1Mb or more:
     libs 12.6Mb
Flavors: r-devel-linux-x86_64-fedora-clang, r-release-osx-x86_64, r-oldrel-osx-x86_64