CRAN Package Check Results for Package rIsing

Last updated on 2018-10-16 11:48:24 CEST.

Flavor Version Tinstall Tcheck Ttotal Status Flags
r-devel-linux-x86_64-debian-clang 0.1.0 30.52 27.72 58.24 OK
r-devel-linux-x86_64-debian-gcc 0.1.0 30.05 23.46 53.51 OK
r-devel-linux-x86_64-fedora-clang 0.1.0 81.37 NOTE
r-devel-linux-x86_64-fedora-gcc 0.1.0 77.11 NOTE
r-devel-windows-ix86+x86_64 0.1.0 67.00 61.00 128.00 OK
r-patched-linux-x86_64 0.1.0 28.71 24.45 53.16 OK
r-patched-solaris-x86 0.1.0 75.10 OK
r-release-linux-x86_64 0.1.0 33.68 24.51 58.19 OK
r-release-windows-ix86+x86_64 0.1.0 69.00 68.00 137.00 OK
r-release-osx-x86_64 0.1.0 NOTE
r-oldrel-windows-ix86+x86_64 0.1.0 69.00 54.00 123.00 OK
r-oldrel-osx-x86_64 0.1.0 NOTE

Check Details

Version: 0.1.0
Check: installed package size
Result: NOTE
     installed size is 12.8Mb
     sub-directories of 1Mb or more:
     libs 12.7Mb
Flavors: r-devel-linux-x86_64-fedora-clang, r-release-osx-x86_64, r-oldrel-osx-x86_64

Version: 0.1.0
Check: compiled code
Result: NOTE
    File ‘rIsing/libs/rIsing.so’:
     Found no calls to: ‘R_registerRoutines’, ‘R_useDynamicSymbols’
    
    It is good practice to register native routines and to disable symbol
    search.
    
    See ‘Writing portable packages’ in the ‘Writing R Extensions’ manual.
Flavors: r-devel-linux-x86_64-fedora-clang, r-devel-linux-x86_64-fedora-gcc