CRAN Package Check Results for Package rIsing

Last updated on 2018-02-23 18:47:51 CET.

Flavor Version Tinstall Tcheck Ttotal Status Flags
r-devel-linux-x86_64-debian-clang 0.1.0 26.22 23.69 49.91 NOTE
r-devel-linux-x86_64-debian-gcc 0.1.0 23.49 19.40 42.89 NOTE
r-devel-linux-x86_64-fedora-clang 0.1.0 71.82 NOTE
r-devel-linux-x86_64-fedora-gcc 0.1.0 67.21 NOTE
r-devel-windows-ix86+x86_64 0.1.0 65.00 71.00 136.00 OK
r-patched-linux-x86_64 0.1.0 26.85 23.81 50.66 NOTE
r-patched-solaris-x86 0.1.0 72.90 OK
r-release-linux-x86_64 0.1.0 28.69 23.60 52.29 NOTE
r-release-windows-ix86+x86_64 0.1.0 64.00 64.00 128.00 OK
r-release-osx-x86_64 0.1.0 NOTE
r-oldrel-windows-ix86+x86_64 0.1.0 52.00 59.00 111.00 OK
r-oldrel-osx-x86_64 0.1.0 NOTE

Check Details

Version: 0.1.0
Check: compiled code
Result: NOTE
    File ‘rIsing/libs/rIsing.so’:
     Found no calls to: ‘R_registerRoutines’, ‘R_useDynamicSymbols’
    
    It is good practice to register native routines and to disable symbol
    search.
    
    See ‘Writing portable packages’ in the ‘Writing R Extensions’ manual.
Flavors: r-devel-linux-x86_64-debian-clang, r-devel-linux-x86_64-debian-gcc, r-devel-linux-x86_64-fedora-clang, r-devel-linux-x86_64-fedora-gcc, r-patched-linux-x86_64, r-release-linux-x86_64

Version: 0.1.0
Check: installed package size
Result: NOTE
     installed size is 12.7Mb
     sub-directories of 1Mb or more:
     libs 12.6Mb
Flavors: r-devel-linux-x86_64-fedora-clang, r-devel-linux-x86_64-fedora-gcc, r-release-osx-x86_64, r-oldrel-osx-x86_64

Version: 0.1.0
Check: R code for possible problems
Result: NOTE
    
    This data.table install has not detected OpenMP support. It will work but slower in single threaded mode.
Flavor: r-oldrel-osx-x86_64