CRAN Package Check Results for Package rIsing

Last updated on 2018-05-27 07:51:06 CEST.

Flavor Version Tinstall Tcheck Ttotal Status Flags
r-devel-linux-x86_64-debian-clang 0.1.0 30.78 26.70 57.48 NOTE
r-devel-linux-x86_64-debian-gcc 0.1.0 25.37 21.51 46.88 NOTE
r-devel-linux-x86_64-fedora-clang 0.1.0 75.59 NOTE
r-devel-linux-x86_64-fedora-gcc 0.1.0 71.65 NOTE
r-devel-windows-ix86+x86_64 0.1.0 45.00 77.00 122.00 OK
r-patched-linux-x86_64 0.1.0 30.73 24.25 54.98 NOTE
r-patched-solaris-x86 0.1.0 76.00 OK
r-release-linux-x86_64 0.1.0 32.42 24.47 56.89 NOTE
r-release-windows-ix86+x86_64 0.1.0 69.00 55.00 124.00 OK
r-release-osx-x86_64 0.1.0 NOTE
r-oldrel-windows-ix86+x86_64 0.1.0 67.00 52.00 119.00 OK
r-oldrel-osx-x86_64 0.1.0 NOTE

Check Details

Version: 0.1.0
Check: compiled code
Result: NOTE
    File ‘rIsing/libs/rIsing.so’:
     Found no calls to: ‘R_registerRoutines’, ‘R_useDynamicSymbols’
    
    It is good practice to register native routines and to disable symbol
    search.
    
    See ‘Writing portable packages’ in the ‘Writing R Extensions’ manual.
Flavors: r-devel-linux-x86_64-debian-clang, r-devel-linux-x86_64-debian-gcc, r-devel-linux-x86_64-fedora-clang, r-devel-linux-x86_64-fedora-gcc, r-patched-linux-x86_64, r-release-linux-x86_64

Version: 0.1.0
Check: installed package size
Result: NOTE
     installed size is 12.7Mb
     sub-directories of 1Mb or more:
     libs 12.6Mb
Flavors: r-devel-linux-x86_64-fedora-clang, r-devel-linux-x86_64-fedora-gcc, r-release-osx-x86_64, r-oldrel-osx-x86_64