CRAN Package Check Results for Package rKIN

Last updated on 2020-01-27 02:47:29 CET.

Flavor Version Tinstall Tcheck Ttotal Status Flags
r-devel-linux-x86_64-debian-clang 0.1 5.16 63.37 68.53 NOTE
r-devel-linux-x86_64-debian-gcc 0.1 5.21 48.40 53.61 NOTE
r-devel-linux-x86_64-fedora-clang 0.1 81.48 OK
r-devel-linux-x86_64-fedora-gcc 0.1 79.59 OK
r-devel-windows-ix86+x86_64 0.1 24.00 137.00 161.00 NOTE
r-devel-windows-ix86+x86_64-gcc8 0.1 29.00 102.00 131.00 NOTE
r-patched-linux-x86_64 0.1 4.19 54.14 58.33 OK
r-patched-solaris-x86 0.1 117.80 OK
r-release-linux-x86_64 0.1 4.76 53.86 58.62 OK
r-release-windows-ix86+x86_64 0.1 13.00 89.00 102.00 OK
r-release-osx-x86_64 0.1 OK
r-oldrel-windows-ix86+x86_64 0.1 11.00 85.00 96.00 OK
r-oldrel-osx-x86_64 0.1 OK

Check Details

Version: 0.1
Check: package vignettes
Result: NOTE
    Package vignette with placeholder title 'Vignette Title':
     'rKIN_Introduction.Rmd'
Flavors: r-devel-linux-x86_64-debian-clang, r-devel-linux-x86_64-debian-gcc, r-devel-windows-ix86+x86_64, r-devel-windows-ix86+x86_64-gcc8