CRAN Package Check Results for Package rKIN

Last updated on 2019-09-15 05:46:25 CEST.

Flavor Version Tinstall Tcheck Ttotal Status Flags
r-devel-linux-x86_64-debian-clang 0.1 5.07 58.09 63.16 NOTE
r-devel-linux-x86_64-debian-gcc 0.1 4.74 45.51 50.25 NOTE
r-devel-linux-x86_64-fedora-clang 0.1 74.33 OK
r-devel-linux-x86_64-fedora-gcc 0.1 72.67 OK
r-devel-windows-ix86+x86_64 0.1 34.00 88.00 122.00 NOTE
r-patched-linux-x86_64 0.1 4.51 54.98 59.49 OK
r-patched-solaris-x86 0.1 120.90 OK
r-release-linux-x86_64 0.1 5.41 55.40 60.81 OK
r-release-windows-ix86+x86_64 0.1 19.00 113.00 132.00 OK
r-release-osx-x86_64 0.1 OK
r-oldrel-windows-ix86+x86_64 0.1 17.00 83.00 100.00 OK
r-oldrel-osx-x86_64 0.1 OK

Check Details

Version: 0.1
Check: package vignettes
Result: NOTE
    Package vignette with placeholder title 'Vignette Title':
     'rKIN_Introduction.Rmd'
Flavors: r-devel-linux-x86_64-debian-clang, r-devel-linux-x86_64-debian-gcc, r-devel-windows-ix86+x86_64