CRAN Package Check Results for Package rLTP

Last updated on 2019-04-20 12:51:12 CEST.

Flavor Version Tinstall Tcheck Ttotal Status Flags
r-devel-linux-x86_64-debian-clang 0.1.4 2.95 22.81 25.76 OK
r-devel-linux-x86_64-debian-gcc 0.1.4 3.44 21.74 25.18 OK
r-devel-linux-x86_64-fedora-clang 0.1.4 31.05 OK
r-devel-linux-x86_64-fedora-gcc 0.1.4 29.81 OK
r-devel-windows-ix86+x86_64 0.1.4 13.00 45.00 58.00 OK
r-patched-linux-x86_64 0.1.4 2.95 23.02 25.97 OK
r-patched-solaris-x86 0.1.4 53.10 OK
r-release-linux-x86_64 0.1.4 2.11 21.61 23.72 NOTE
r-release-windows-ix86+x86_64 0.1.4 10.00 46.00 56.00 OK
r-release-osx-x86_64 0.1.4 OK
r-oldrel-windows-ix86+x86_64 0.1.4 14.00 38.00 52.00 OK
r-oldrel-osx-x86_64 0.1.4 OK

Check Details

Version: 0.1.4
Check: DESCRIPTION meta-information
Result: NOTE
    Dependence on R version ‘3.3.2’ not with patchlevel 0
Flavor: r-release-linux-x86_64