CRAN Package Check Results for Package rLTP

Last updated on 2019-02-20 16:49:57 CET.

Flavor Version Tinstall Tcheck Ttotal Status Flags
r-devel-linux-x86_64-debian-clang 0.1.4 2.87 22.78 25.65 OK
r-devel-linux-x86_64-debian-gcc 0.1.4 2.16 18.64 20.80 OK
r-devel-linux-x86_64-fedora-clang 0.1.4 32.20 OK
r-devel-linux-x86_64-fedora-gcc 0.1.4 29.77 OK
r-devel-windows-ix86+x86_64 0.1.4 13.00 43.00 56.00 OK
r-patched-linux-x86_64 0.1.4 NOTE
r-patched-solaris-x86 0.1.4 49.20 OK
r-release-linux-x86_64 0.1.4 NOTE
r-release-windows-ix86+x86_64 0.1.4 15.00 56.00 71.00 OK
r-release-osx-x86_64 0.1.4 OK
r-oldrel-windows-ix86+x86_64 0.1.4 14.00 49.00 63.00 OK
r-oldrel-osx-x86_64 0.1.4 OK

Check Details

Version: 0.1.4
Check: DESCRIPTION meta-information
Result: NOTE
    Dependence on R version ‘3.3.2’ not with patchlevel 0
Flavors: r-patched-linux-x86_64, r-release-linux-x86_64