CRAN Package Check Results for Package rMEA

Last updated on 2021-05-06 22:55:33 CEST.

Flavor Version Tinstall Tcheck Ttotal Status Flags
r-devel-linux-x86_64-debian-clang 1.2.0 4.46 52.50 56.96 NOTE
r-devel-linux-x86_64-debian-gcc 1.2.0 3.94 39.45 43.39 NOTE
r-devel-linux-x86_64-fedora-clang 1.2.0 77.92 NOTE
r-devel-linux-x86_64-fedora-gcc 1.2.0 67.76 NOTE
r-devel-windows-ix86+x86_64 1.2.0 10.00 72.00 82.00 NOTE
r-devel-windows-x86_64-gcc10-UCRT 1.2.0 NOTE
r-patched-linux-x86_64 1.2.0 4.49 51.36 55.85 NOTE
r-patched-solaris-x86 1.2.0 105.20 OK
r-release-linux-x86_64 1.2.0 4.94 49.76 54.70 OK
r-release-macos-x86_64 1.2.0 OK
r-release-windows-ix86+x86_64 1.2.0 7.00 56.00 63.00 OK
r-oldrel-macos-x86_64 1.2.0 ERROR
r-oldrel-windows-ix86+x86_64 1.1.0 8.00 62.00 70.00 OK

Check Details

Version: 1.2.0
Check: LazyData
Result: NOTE
     'LazyData' is specified without a 'data' directory
Flavors: r-devel-linux-x86_64-debian-clang, r-devel-linux-x86_64-debian-gcc, r-devel-linux-x86_64-fedora-clang, r-devel-linux-x86_64-fedora-gcc, r-devel-windows-ix86+x86_64, r-devel-windows-x86_64-gcc10-UCRT, r-patched-linux-x86_64

Version: 1.2.0
Check: whether package can be installed
Result: ERROR
    Installation failed.
Flavor: r-oldrel-macos-x86_64