CRAN Package Check Results for Package rMVP

Last updated on 2019-11-19 06:48:38 CET.

Flavor Version Tinstall Tcheck Ttotal Status Flags
r-devel-linux-x86_64-debian-clang 0.99.17 96.45 64.02 160.47 OK
r-devel-linux-x86_64-debian-gcc 0.99.17 75.56 50.91 126.47 OK
r-devel-linux-x86_64-fedora-clang 0.99.17 210.31 NOTE
r-devel-linux-x86_64-fedora-gcc 0.99.17 208.90 OK
r-devel-windows-ix86+x86_64 0.99.17 213.00 108.00 321.00 OK
r-patched-linux-x86_64 0.99.17 84.74 60.35 145.09 OK
r-patched-solaris-x86 0.99.17 197.70 OK
r-release-linux-x86_64 0.99.17 80.58 60.31 140.89 OK
r-release-windows-ix86+x86_64 0.99.17 180.00 127.00 307.00 OK
r-release-osx-x86_64 0.99.17 NOTE
r-oldrel-windows-ix86+x86_64 0.99.17 182.00 131.00 313.00 OK
r-oldrel-osx-x86_64 0.99.17 NOTE

Additional issues

LTO

Check Details

Version: 0.99.17
Check: installed package size
Result: NOTE
     installed size is 17.2Mb
     sub-directories of 1Mb or more:
     libs 15.9Mb
Flavors: r-devel-linux-x86_64-fedora-clang, r-release-osx-x86_64, r-oldrel-osx-x86_64