CRAN Package Check Results for Package rMVP

Last updated on 2020-05-25 17:48:06 CEST.

Flavor Version Tinstall Tcheck Ttotal Status Flags
r-devel-linux-x86_64-debian-clang 1.0.0 118.35 68.36 186.71 OK
r-devel-linux-x86_64-debian-gcc 1.0.0 96.68 52.91 149.59 OK
r-devel-linux-x86_64-fedora-clang 1.0.0 260.41 NOTE
r-devel-linux-x86_64-fedora-gcc 1.0.0 244.96 OK
r-devel-windows-ix86+x86_64 1.0.0 319.00 130.00 449.00 OK
r-patched-linux-x86_64 1.0.0 98.58 69.84 168.42 OK
r-patched-solaris-x86 1.0.0 218.00 OK
r-release-linux-x86_64 1.0.0 105.53 68.46 173.99 OK
r-release-osx-x86_64 1.0.0 NOTE
r-release-windows-ix86+x86_64 1.0.0 219.00 156.00 375.00 OK
r-oldrel-osx-x86_64 1.0.0 NOTE
r-oldrel-windows-ix86+x86_64 1.0.0 208.00 116.00 324.00 OK

Check Details

Version: 1.0.0
Check: installed package size
Result: NOTE
     installed size is 19.6Mb
     sub-directories of 1Mb or more:
     libs 18.4Mb
Flavors: r-devel-linux-x86_64-fedora-clang, r-release-osx-x86_64, r-oldrel-osx-x86_64