CRAN Package Check Results for Package rNMF

Last updated on 2018-11-14 05:49:42 CET.

Flavor Version Tinstall Tcheck Ttotal Status Flags
r-devel-linux-x86_64-debian-clang 0.5.0 1.70 71.94 73.64 NOTE
r-devel-linux-x86_64-debian-gcc 0.5.0 1.43 54.89 56.32 NOTE
r-devel-linux-x86_64-fedora-clang 0.5.0 86.83 NOTE
r-devel-linux-x86_64-fedora-gcc 0.5.0 84.08 NOTE
r-devel-windows-ix86+x86_64 0.5.0 4.00 105.00 109.00 NOTE
r-patched-linux-x86_64 0.5.0 2.22 68.28 70.50 NOTE
r-patched-solaris-x86 0.5.0 130.20 NOTE
r-release-linux-x86_64 0.5.0 2.08 68.96 71.04 NOTE
r-release-windows-ix86+x86_64 0.5.0 8.00 134.00 142.00 NOTE
r-release-osx-x86_64 0.5.0 NOTE
r-oldrel-windows-ix86+x86_64 0.5.0 6.00 85.00 91.00 NOTE
r-oldrel-osx-x86_64 0.5.0 NOTE

Check Details

Version: 0.5.0
Check: R code for possible problems
Result: NOTE
    Nnls.trimW : fun1: no visible global function definition for ‘runif’
    initM: no visible global function definition for ‘runif’
    rnmf: no visible global function definition for ‘txtProgressBar’
    rnmf: no visible global function definition for ‘setTxtProgressBar’
    see: no visible global function definition for ‘heat.colors’
    see: no visible global function definition for ‘colorRampPalette’
    see: no visible global function definition for ‘grey’
    see: no visible global function definition for ‘par’
    see: no visible global function definition for ‘image’
    see: no visible global function definition for ‘mtext’
    simtum: no visible global function definition for ‘runif’
    simtum: no visible global function definition for ‘rnorm’
    Undefined global functions or variables:
     colorRampPalette grey heat.colors image mtext par rnorm runif
     setTxtProgressBar txtProgressBar
    Consider adding
     importFrom("grDevices", "colorRampPalette", "grey", "heat.colors")
     importFrom("graphics", "image", "mtext", "par")
     importFrom("stats", "rnorm", "runif")
     importFrom("utils", "setTxtProgressBar", "txtProgressBar")
    to your NAMESPACE file.
Flavors: r-devel-linux-x86_64-debian-clang, r-devel-linux-x86_64-debian-gcc, r-devel-linux-x86_64-fedora-clang, r-devel-linux-x86_64-fedora-gcc, r-devel-windows-ix86+x86_64, r-patched-linux-x86_64, r-patched-solaris-x86, r-release-linux-x86_64, r-release-windows-ix86+x86_64, r-release-osx-x86_64, r-oldrel-windows-ix86+x86_64, r-oldrel-osx-x86_64