CRAN Package Check Results for Package rNOMADS

Last updated on 2019-02-16 19:47:42 CET.

Flavor Version Tinstall Tcheck Ttotal Status Flags
r-devel-linux-x86_64-debian-clang 2.4.0 2.57 31.90 34.47 OK
r-devel-linux-x86_64-debian-gcc 2.4.0 2.72 25.65 28.37 OK
r-devel-linux-x86_64-fedora-clang 2.4.0 43.33 NOTE
r-devel-linux-x86_64-fedora-gcc 2.4.0 40.25 NOTE
r-devel-windows-ix86+x86_64 2.4.0 9.00 59.00 68.00 OK
r-patched-linux-x86_64 2.4.0 2.73 30.03 32.76 OK
r-patched-solaris-x86 2.4.0 61.40 NOTE
r-release-linux-x86_64 2.4.0 OK
r-release-windows-ix86+x86_64 2.4.0 6.00 55.00 61.00 OK
r-release-osx-x86_64 2.4.0 NOTE
r-oldrel-windows-ix86+x86_64 2.4.0 6.00 65.00 71.00 OK
r-oldrel-osx-x86_64 2.4.0 NOTE

Check Details

Version: 2.4.0
Check: dependencies in R code
Result: NOTE
    Namespaces in Imports field not imported from:
     ‘scrapeR’ ‘xml2’
     All declared Imports should be used.
Flavors: r-devel-linux-x86_64-fedora-clang, r-devel-linux-x86_64-fedora-gcc, r-patched-solaris-x86, r-release-osx-x86_64, r-oldrel-osx-x86_64